{"id":211,"date":"2023-03-31T16:59:35","date_gmt":"2023-03-31T14:59:35","guid":{"rendered":"https:\/\/ntigymnasiet.se\/eskilstuna\/?page_id=211"},"modified":"2024-10-01T15:20:34","modified_gmt":"2024-10-01T13:20:34","slug":"tack-for-din-anmalan","status":"publish","type":"page","link":"https:\/\/ntigymnasiet.se\/eskilstuna\/tack-for-din-anmalan\/","title":{"rendered":"Tack f\u00f6r din anm\u00e4lan"},"content":{"rendered":"\n<div style=\"height:100px\" aria-hidden=\"true\" class=\"wp-block-spacer\"><\/div>\n\n\n\n<h1 class=\"wp-block-heading has-text-align-center\">Suver\u00e4nt! Nu blir du p\u00e5mind inf\u00f6r \u00f6ppet hus.<\/h1>\n\n\n\n<p class=\"has-text-align-center is-style-narrow\">Din anm\u00e4lan \u00e4r inskickad. Det inneb\u00e4r att du kommer f\u00e5 inbjudningar till \u00f6ppet hus p\u00e5 mail och SMS som p\u00e5minner dig n\u00e5gra dagar innan det \u00e4r dags. Vi ser fram emot att tr\u00e4ffa dig!<\/p>\n\n\n\n<div\n\n\tclass=\"\n\t\tmodule_wrapper\n\t\tams_icons_module\n\t\t\t\tglobal_body-color\t\t cpt-60 cpb-30 \t\t\n\t\"\n>\n\t\n\t<div class=\"container\">\n\t\t\t\t<div class=\"ams-icons__container row justify-content-center \">\n\t\t\t\t\t\t\t\t\t\t\t\t<div class=\"ams-icons__icon d-flex justify-content-center col-12 \" >\n\t\t\t\t\t\t\n\t\t\t\t\t\t\t<img decoding=\"async\" width=\"300\" height=\"300\" src=\"https:\/\/ntigymnasiet.se\/wp-content\/uploads\/sites\/4\/2023\/04\/nti-tack-for-din-anmalan.png\" class=\"ams-icons__icon-image\" alt=\"Avatar med robot som ler.\" srcset=\"https:\/\/ntigymnasiet.se\/wp-content\/uploads\/sites\/4\/2023\/04\/nti-tack-for-din-anmalan.png 800w, https:\/\/ntigymnasiet.se\/wp-content\/uploads\/sites\/4\/2023\/04\/nti-tack-for-din-anmalan-150x150.png 150w, https:\/\/ntigymnasiet.se\/wp-content\/uploads\/sites\/4\/2023\/04\/nti-tack-for-din-anmalan-300x300.png 300w, https:\/\/ntigymnasiet.se\/wp-content\/uploads\/sites\/4\/2023\/04\/nti-tack-for-din-anmalan-400x400.png 400w, https:\/\/ntigymnasiet.se\/wp-content\/uploads\/sites\/4\/2023\/04\/nti-tack-for-din-anmalan-600x600.png 600w\" sizes=\"(max-width: 300px) 100vw, 300px\" \/>\n\t\t\t\t\t\t\t\t\t\t\t<\/div>\n\t\t\t\t\t\t\t\n\t\t<\/div>\n\t\t\t<\/div>\n<\/div>\n\n\n\n<div class=\"module_wrapper ams_single_button_module cpt-60 cpb-30\" >\n\t<div class=\"container\">\n\t\t<div class=\"row\">\n\t\t\t<div class=\"col-12\">\n\t\t\t\t\n\t\t\t\t\t<div class=\"text-center\">\n\t\t\t\t\t\t\t\t\t\t\t\t\t\t\t\t\t\t\t<!-- Please don't convert it to button from <a>. If we use javascript linking, it is not\n\t\t\t\t\t\ttracking correctly in Google Analytic. -->\n\t\t\t\t\t\t\t<a tabindex=\"0.01\"\n\t\t\t\t\t\t\t   id=\"69e0b1a08dbee\"\n\t\t\t\t\t\t\t   href=\"https:\/\/ntigymnasiet.se\/eskilstuna\/oppet-hus\/\"\n\t\t\t\t\t\t\t   target=\"\"\n\t\t\t\t\t\t\t   class=\"btn text-center ams_active_button_state_default site__buttons-1 pt-2 site__cta-bg--100 site__text-color--light site__text-color--light slightly-rounded-corners-btn-shape \"\n\t\t\t\t\t\t\t   title=\"Tillbaka till formul\u00e4ret\"\n\t\t\t\t\t\t\t   role=\"button\">\n\t\t\t\t\t\t\t\tTillbaka till formul\u00e4ret\t\t\t\t\t\t\t<\/a>\n\n\t\t\t\t\t\t\t\t\t\t\t<\/div>\n\n\t\t\t\t\t\t\t<\/div>\n\t\t<\/div>\n\t<\/div>\n<\/div>\n\n\n\n<div style=\"height:100px\" aria-hidden=\"true\" class=\"wp-block-spacer\"><\/div>\n","protected":false},"excerpt":{"rendered":"<p>Suver\u00e4nt! Nu blir du p\u00e5mind inf\u00f6r \u00f6ppet hus. Din anm\u00e4lan \u00e4r inskickad. Det inneb\u00e4r att du kommer f\u00e5 inbjudningar till \u00f6ppet hus p\u00e5 mail och SMS som p\u00e5minner dig n\u00e5gra dagar innan det \u00e4r dags. Vi ser fram emot att tr\u00e4ffa dig!<\/p>\n","protected":false},"author":4,"featured_media":0,"parent":0,"menu_order":0,"comment_status":"closed","ping_status":"closed","template":"","meta":{"footnotes":""},"yoast_head":"<!-- This site is optimized with the Yoast SEO plugin v22.0 - https:\/\/yoast.com\/wordpress\/plugins\/seo\/ -->\n<title>Eskilstuna<\/title>\n<meta name=\"robots\" content=\"noindex, follow\" \/>\n<meta property=\"og:locale\" content=\"sv_SE\" \/>\n<meta property=\"og:type\" content=\"article\" \/>\n<meta property=\"og:url\" content=\"https:\/\/ntigymnasiet.se\/eskilstuna\/tack-for-din-anmalan\/\" \/>\n<meta property=\"og:site_name\" content=\"Eskilstuna\" \/>\n<meta property=\"article:modified_time\" content=\"2024-10-01T13:20:34+00:00\" \/>\n<meta name=\"twitter:card\" content=\"summary_large_image\" \/>\n<meta name=\"twitter:label1\" content=\"Est. reading time\" \/>\n\t<meta name=\"twitter:data1\" content=\"1 minut\" \/>\n<script type=\"application\/ld+json\" class=\"yoast-schema-graph\">{\"@context\":\"https:\/\/schema.org\",\"@graph\":[{\"@type\":\"WebPage\",\"@id\":\"https:\/\/ntigymnasiet.se\/eskilstuna\/tack-for-din-anmalan\/\",\"url\":\"https:\/\/ntigymnasiet.se\/eskilstuna\/tack-for-din-anmalan\/\",\"name\":\"Tack f\u00f6r din anm\u00e4lan - Eskilstuna\",\"isPartOf\":{\"@id\":\"https:\/\/ntigymnasiet.se\/eskilstuna\/#website\"},\"datePublished\":\"2023-03-31T14:59:35+00:00\",\"dateModified\":\"2024-10-01T13:20:34+00:00\",\"breadcrumb\":{\"@id\":\"https:\/\/ntigymnasiet.se\/eskilstuna\/tack-for-din-anmalan\/#breadcrumb\"},\"inLanguage\":\"sv-SE\",\"potentialAction\":[{\"@type\":\"ReadAction\",\"target\":[\"https:\/\/ntigymnasiet.se\/eskilstuna\/tack-for-din-anmalan\/\"]}]},{\"@type\":\"BreadcrumbList\",\"@id\":\"https:\/\/ntigymnasiet.se\/eskilstuna\/tack-for-din-anmalan\/#breadcrumb\",\"itemListElement\":[{\"@type\":\"ListItem\",\"position\":1,\"name\":\"Start\",\"item\":\"https:\/\/ntigymnasiet.se\/eskilstuna\/\"},{\"@type\":\"ListItem\",\"position\":2,\"name\":\"Tack f\u00f6r din anm\u00e4lan\"}]},{\"@type\":\"WebSite\",\"@id\":\"https:\/\/ntigymnasiet.se\/eskilstuna\/#website\",\"url\":\"https:\/\/ntigymnasiet.se\/eskilstuna\/\",\"name\":\"Eskilstuna\",\"description\":\"Just another WordPress site\",\"potentialAction\":[{\"@type\":\"SearchAction\",\"target\":{\"@type\":\"EntryPoint\",\"urlTemplate\":\"https:\/\/ntigymnasiet.se\/eskilstuna\/?s={search_term_string}\"},\"query-input\":\"required name=search_term_string\"}],\"inLanguage\":\"sv-SE\"}]}<\/script>\n<!-- \/ Yoast SEO plugin. -->","yoast_head_json":{"title":"Eskilstuna","robots":{"index":"noindex","follow":"follow"},"og_locale":"sv_SE","og_type":"article","og_url":"https:\/\/ntigymnasiet.se\/eskilstuna\/tack-for-din-anmalan\/","og_site_name":"Eskilstuna","article_modified_time":"2024-10-01T13:20:34+00:00","twitter_card":"summary_large_image","twitter_misc":{"Est. reading time":"1 minut"},"schema":{"@context":"https:\/\/schema.org","@graph":[{"@type":"WebPage","@id":"https:\/\/ntigymnasiet.se\/eskilstuna\/tack-for-din-anmalan\/","url":"https:\/\/ntigymnasiet.se\/eskilstuna\/tack-for-din-anmalan\/","name":"Tack f\u00f6r din anm\u00e4lan - Eskilstuna","isPartOf":{"@id":"https:\/\/ntigymnasiet.se\/eskilstuna\/#website"},"datePublished":"2023-03-31T14:59:35+00:00","dateModified":"2024-10-01T13:20:34+00:00","breadcrumb":{"@id":"https:\/\/ntigymnasiet.se\/eskilstuna\/tack-for-din-anmalan\/#breadcrumb"},"inLanguage":"sv-SE","potentialAction":[{"@type":"ReadAction","target":["https:\/\/ntigymnasiet.se\/eskilstuna\/tack-for-din-anmalan\/"]}]},{"@type":"BreadcrumbList","@id":"https:\/\/ntigymnasiet.se\/eskilstuna\/tack-for-din-anmalan\/#breadcrumb","itemListElement":[{"@type":"ListItem","position":1,"name":"Start","item":"https:\/\/ntigymnasiet.se\/eskilstuna\/"},{"@type":"ListItem","position":2,"name":"Tack f\u00f6r din anm\u00e4lan"}]},{"@type":"WebSite","@id":"https:\/\/ntigymnasiet.se\/eskilstuna\/#website","url":"https:\/\/ntigymnasiet.se\/eskilstuna\/","name":"Eskilstuna","description":"Just another WordPress site","potentialAction":[{"@type":"SearchAction","target":{"@type":"EntryPoint","urlTemplate":"https:\/\/ntigymnasiet.se\/eskilstuna\/?s={search_term_string}"},"query-input":"required name=search_term_string"}],"inLanguage":"sv-SE"}]}},"_links":{"self":[{"href":"https:\/\/ntigymnasiet.se\/eskilstuna\/wp-json\/wp\/v2\/pages\/211"}],"collection":[{"href":"https:\/\/ntigymnasiet.se\/eskilstuna\/wp-json\/wp\/v2\/pages"}],"about":[{"href":"https:\/\/ntigymnasiet.se\/eskilstuna\/wp-json\/wp\/v2\/types\/page"}],"author":[{"embeddable":true,"href":"https:\/\/ntigymnasiet.se\/eskilstuna\/wp-json\/wp\/v2\/users\/4"}],"replies":[{"embeddable":true,"href":"https:\/\/ntigymnasiet.se\/eskilstuna\/wp-json\/wp\/v2\/comments?post=211"}],"version-history":[{"count":10,"href":"https:\/\/ntigymnasiet.se\/eskilstuna\/wp-json\/wp\/v2\/pages\/211\/revisions"}],"predecessor-version":[{"id":1552,"href":"https:\/\/ntigymnasiet.se\/eskilstuna\/wp-json\/wp\/v2\/pages\/211\/revisions\/1552"}],"wp:attachment":[{"href":"https:\/\/ntigymnasiet.se\/eskilstuna\/wp-json\/wp\/v2\/media?parent=211"}],"curies":[{"name":"wp","href":"https:\/\/api.w.org\/{rel}","templated":true}]}}