{"id":209,"date":"2023-03-31T16:58:15","date_gmt":"2023-03-31T14:58:15","guid":{"rendered":"https:\/\/ntigymnasiet.se\/lulea\/?page_id=209"},"modified":"2025-11-21T15:40:19","modified_gmt":"2025-11-21T14:40:19","slug":"meritvarden","status":"publish","type":"page","link":"https:\/\/ntigymnasiet.se\/lulea\/meritvarden\/","title":{"rendered":"Meritv\u00e4rden"},"content":{"rendered":"\n\n<section  class=\"ams-cta ams-cta--stacked c-block l-stacked\" data-color-scheme=\"light-grey\">\n\t<div class=\"l-container-narrow l-stack l-stack-fluid-2xl u-pt-fluid-3xl-6xl u-pb-fluid-3xl-6xl is-center is-center@md\">\n\t\t\t\t\t<div class=\"ams-cta__intro l-stack l-stack-lg\">\n\t\t\t\t\t\n\t<h1\n\tclass=\"c-heading u-font-title-1 \"\n\tstyle=\"\">\n\t\t\n\t\t\t\t\tMeritv\u00e4rde och meritpo\u00e4ng f\u00f6r NTI Gymnasiet Lule\u00e5\n\t\t\t\t\n\t<\/h1>\n\n\t\t\t\t\t\t\t<\/div>\n\t\t\n\t\t\n\t\t\t<\/div>\n\n\t\t\n\n<\/section>\n\n\n\n<div class=\"wp-block-columns is-layout-flex wp-container-core-columns-layout-1 wp-block-columns-is-layout-flex\">\n<div class=\"wp-block-column is-layout-flow wp-block-column-is-layout-flow\" style=\"flex-basis:66.66%\">\n<h2 class=\"wp-block-heading\">Antagningsgr\u00e4ns och median 2025<\/h2>\n\n\n\n<p>\u00c4r du os\u00e4ker om du har de betygen som kr\u00e4vs f\u00f6r att komma in p\u00e5 v\u00e5ra program? Ingen fara, h\u00e4r har vi samlat \u00e5rets antagningsgr\u00e4ns och median.<\/p>\n\n\n\n<h3 class=\"wp-block-heading\">El- och energiprogrammet<\/h3>\n\n\n\n<p>El- och energiprogrammet med inriktning\u00a0<strong>dator- och kommunikationsteknik<\/strong> hade\u00a0en\u00a0medelpo\u00e4ng p\u00e5\u00a0<strong>189,\u00a0<\/strong>en antagningsgr\u00e4ns p\u00e5\u00a0<strong>120<\/strong>\u00a0po\u00e4ng och en medianpo\u00e4ng p\u00e5\u00a0<strong>198.7<\/strong>. <\/p>\n\n\n\n<h3 class=\"wp-block-heading\">Estetiska programmet<\/h3>\n\n\n\n<p>Estetiska programmet med inriktning\u00a0<strong>estetik och media<\/strong> hade\u00a0en\u00a0medelpo\u00e4ng p\u00e5\u00a0<strong>218,\u00a0<\/strong>en antagningsgr\u00e4ns p\u00e5\u00a0<strong>135<\/strong>\u00a0po\u00e4ng och en medianpo\u00e4ng p\u00e5\u00a0<strong>220<\/strong>. <\/p>\n\n\n\n<h3 class=\"wp-block-heading\">Teknikprogrammet<\/h3>\n\n\n\n<p>Teknikprogrammet hade\u00a0en medelpo\u00e4ng p\u00e5\u00a0<strong>239,<\/strong>\u00a0en antagningsgr\u00e4ns p\u00e5\u00a0<strong>180<\/strong>\u00a0po\u00e4ng och en medianpo\u00e4ng p\u00e5\u00a0<strong>230<\/strong>.<\/p>\n\n\n\n<div class=\"module_wrapper ams_single_button_module cpt-60 cpb-30\" >\n\t<div class=\"container\">\n\t\t<div class=\"row\">\n\t\t\t<div class=\"col-12\">\n\t\t\t\t\n\t\t\t\t\t<div class=\"text-left\">\n\t\t\t\t\t\t\t\t\t\t\t\t\t\t\t\t\t\t\t<!-- Please don't convert it to button from <a>. If we use javascript linking, it is not\n\t\t\t\t\t\ttracking correctly in Google Analytic. -->\n\t\t\t\t\t\t\t<a tabindex=\"0.01\"\n\t\t\t\t\t\t\t   id=\"69e0b4928edad\"\n\t\t\t\t\t\t\t   href=\"https:\/\/ntigymnasiet.se\/lulea\/program\/\"\n\t\t\t\t\t\t\t   target=\"\"\n\t\t\t\t\t\t\t   class=\"btn text-center ams_active_button_state_default site__buttons-1 pt-2 site__cta-bg--100 site__text-color--light site__text-color--light slightly-rounded-corners-btn-shape \"\n\t\t\t\t\t\t\t   title=\"Se v\u00e5ra program\"\n\t\t\t\t\t\t\t   role=\"button\">\n\t\t\t\t\t\t\t\tSe v\u00e5ra program\t\t\t\t\t\t\t<\/a>\n\n\t\t\t\t\t\t\t\t\t\t\t<\/div>\n\n\t\t\t\t\t\t\t<\/div>\n\t\t<\/div>\n\t<\/div>\n<\/div>\n<\/div>\n\n\n\n<div class=\"wp-block-column is-layout-flow wp-block-column-is-layout-flow\" style=\"flex-basis:33.33%\"><style>\n@media only screen and (min-width: 600px) {\n\t}\n@media only screen and (max-width: 600px) {\n\t}\n<\/style>\n<div   class=\"ams-fragor  site__secondary-bg--13   ams-fragor-ylqcmswebceqaltybgft\" >\n\t<p class=\"site__subheading-1  site__text-color--dark  u-mb-2xs\">\n\t\tHur mycket motsvarar de olika betygen i po\u00e4ng?\t<\/p>\n   \t\t <div   class=\" site__text-color--dark  ams-fragor__namn\">\n\t\t\t\t\t\t<span class=\" \">\n\t\t\t\t\t\t\t<\/span>\n\t\t<\/div>\n\t\t<div   class=\" site__text-color--dark  ams-fragor__utbildning\">\n\t\t\t\t\t\t<span class=\" \">\n\t\t\t\t\t\t\t<\/span>\n\t\t<\/div>\n\t\t\t\t\t<ul>\n\t\t\t\t\t\t\t<li   class=\" site__text-color--dark  \" >\n\t\t\t\t\tA:\t\t\t\t\t\t\t\t\t\t\t<span class=\"\">\n\t\t\t\t\t\t\t20 po\u00e4ng\t\t\t\t\t\t<\/span>\n\t\t\t\t\t\t\t\t\t<\/li>\n\t\t\t\t\t\t\t<li   class=\" site__text-color--dark  \" >\n\t\t\t\t\tB:\t\t\t\t\t\t\t\t\t\t\t<span class=\"\">\n\t\t\t\t\t\t\t17,5 po\u00e4ng\t\t\t\t\t\t<\/span>\n\t\t\t\t\t\t\t\t\t<\/li>\n\t\t\t\t\t\t\t<li   class=\" site__text-color--dark  \" >\n\t\t\t\t\tC:\t\t\t\t\t\t\t\t\t\t\t<span class=\"\">\n\t\t\t\t\t\t\t15 po\u00e4ng\t\t\t\t\t\t<\/span>\n\t\t\t\t\t\t\t\t\t<\/li>\n\t\t\t\t\t\t\t<li   class=\" site__text-color--dark  \" >\n\t\t\t\t\tD:\t\t\t\t\t\t\t\t\t\t\t<span class=\"\">\n\t\t\t\t\t\t\t12,5 po\u00e4ng\t\t\t\t\t\t<\/span>\n\t\t\t\t\t\t\t\t\t<\/li>\n\t\t\t\t\t\t\t<li   class=\" site__text-color--dark  \" >\n\t\t\t\t\tE:\t\t\t\t\t\t\t\t\t\t\t<span class=\"\">\n\t\t\t\t\t\t\t10 po\u00e4ng\t\t\t\t\t\t<\/span>\n\t\t\t\t\t\t\t\t\t<\/li>\n\t\t\t\t\t\t\t<li   class=\" site__text-color--dark  \" >\n\t\t\t\t\tF:\t\t\t\t\t\t\t\t\t\t\t<span class=\"\">\n\t\t\t\t\t\t\t0 po\u00e4ng\t\t\t\t\t\t<\/span>\n\t\t\t\t\t\t\t\t\t<\/li>\n\t\t\t\t\t<\/ul>\n\t\t\t<\/div>\n<script>\n\tamsFragor = function() {\n\t\tvar w = window.innerWidth;\n\t\tvar siteMain = document.getElementsByClassName(\"site-main\")[0]\n\t\tif(typeof siteMain !== 'undefined'){\n\t\t\tvar testimonial = siteMain.getElementsByClassName(\"testimonial_header_module\")[0]\n\t\t\tif(typeof testimonial !== 'undefined'){\n\t\t\t\tvar amsFragor = document.getElementsByClassName(\"ams-fragor\")\n\t\t\t\tfor(var i = 0; i < amsFragor.length; i++){\n\t\t\t\t\tif(w > 769 ){\n\t\t\t\t\t\tamsFragor[i].setAttribute('style', \"margin-top: 50px\");\n\t\t\t\t\t}else{\n\t\t\t\t\t\tamsFragor[i].setAttribute('style', \"margin-top: 0px\");\n\t\t\t\t\t}\n\t\t\t\t}\n\t\t\t}\n\t\t}\n\t};\n\tamsFragor();\n\twindow.addEventListener(\"resize\", amsFragor);\n<\/script>\n<\/div>\n<\/div>\n\n\n\n\t\n\t\n\t\n\n\t\n\t\n\t\t\n<section  class=\"c-block l-stacked  \" data-color-scheme=\"light-grey\">\n\t<div class=\"ams-fifty ams-fifty--container ams-fifty--left ams-fifty--top l-container u-pt-fluid-3xl-6xl u-pb-fluid-3xl-6xl\">\n\t\t<div class=\"ams-fifty__content l-stack l-stack-xl is-center is-left@lg\">\n\t\t\t<div class=\"ams-fifty__text l-stack l-stack-lg\">\n\t\t\t\t\t\n\t<h2\n\tclass=\"c-heading u-font-title-1 \"\n\tstyle=\"\">\n\t\t\n\t\t\t\t\tVad \u00e4r ett bra meritv\u00e4rde?\n\t\t\t\t\n\t<\/h2>\n\n\t\t\t\t\t\t\t\t\t<div class=\"text l-stack u-font-body\">\n\t\t\t\t\t\t<p style=\"text-align: left;\">Det g\u00e5r inte att s\u00e4ga vad ett bra meritv\u00e4rde \u00e4r eftersom det skiljer sig fr\u00e5n person till person och fr\u00e5n \u00e5r till \u00e5r. Ett \u201dbra meritv\u00e4rde\u201d \u00e4r det som g\u00f6r att du kommer in p\u00e5 det programmet du vill g\u00e5. Det g\u00e5r allts\u00e5 inte att s\u00e4tta en gr\u00e4ns i siffror p\u00e5 vad som \u00e4r ett bra och ett d\u00e5ligt meritv\u00e4rde.<\/p>\n<p style=\"text-align: left;\">Meritpo\u00e4ngen kan f\u00f6r\u00e4ndras \u00e5r till \u00e5r beroende p\u00e5 hur m\u00e5nga som s\u00f6ker och vad f\u00f6r betyg de har, s\u00e5 t\u00e4nk p\u00e5 det.<\/p>\n<h3 style=\"text-align: left;\">Hur funkar betyg i gymnasiet?<\/h3>\n<p style=\"text-align: left;\">N\u00e4r du s\u00f6ker till gymnasiet anv\u00e4nder du ditt meritv\u00e4rde att s\u00f6ka med. D\u00e5 l\u00e4ggs dina 16 eller 17 b\u00e4sta slutbetyg ihop. I gymnasiet fungerar det annorlunda. Dels f\u00e5r du bara betyg i vardera kurs <b>en g\u00e5ng<\/b>\u00a0och kan inte f\u00f6r\u00e4ndra ett betyg i efterhand. Dels anv\u00e4nder du ett genomsnitt p\u00e5 alla dina betyg fr\u00e5n gymnasiet n\u00e4r du s\u00f6ker till h\u00f6gskola eller universitet. Beroende p\u00e5 vilka kurser du l\u00e4ser i gymnasiet kan du f\u00e5 meritpo\u00e4ng som r\u00e4knas beroende p\u00e5 vilken utbildning du s\u00f6ker efter gymnasiet. Meritpo\u00e4ngen l\u00e4ggs ovanp\u00e5 ditt betygsgenomsnitt fr\u00e5n gymnasiet.<\/p>\n\n\t\t\t\t\t<\/div>\n\t\t\t\t\t\t\t<\/div>\n\n\t\t\t\t\t<\/div>\n\n\t\t <div class=\"ams-fifty__media u-ratio-square\">\n\t\t \t\t\t\t\t<img decoding=\"async\" width=\"600\" height=\"600\" src=\"https:\/\/ntigymnasiet.se\/wp-content\/uploads\/sites\/10\/2023\/04\/nti-meritvarde-meritpoang-antagningsgrans-gymnasiet-202204-600x600.png\" class=\"attachment-md size-md\" alt=\"En brunh\u00e5rig tjej tittar bort fr\u00e5n kameran och \u00e4r glad och skrattar.\" sizes=\"(min-width: 64em) 600px, calc(100vw - 160px)\" srcset=\"https:\/\/ntigymnasiet.se\/wp-content\/uploads\/sites\/10\/2023\/04\/nti-meritvarde-meritpoang-antagningsgrans-gymnasiet-202204-600x600.png 600w, https:\/\/ntigymnasiet.se\/wp-content\/uploads\/sites\/10\/2023\/04\/nti-meritvarde-meritpoang-antagningsgrans-gymnasiet-202204-150x150.png 150w, https:\/\/ntigymnasiet.se\/wp-content\/uploads\/sites\/10\/2023\/04\/nti-meritvarde-meritpoang-antagningsgrans-gymnasiet-202204-300x300.png 300w, https:\/\/ntigymnasiet.se\/wp-content\/uploads\/sites\/10\/2023\/04\/nti-meritvarde-meritpoang-antagningsgrans-gymnasiet-202204-400x400.png 400w, https:\/\/ntigymnasiet.se\/wp-content\/uploads\/sites\/10\/2023\/04\/nti-meritvarde-meritpoang-antagningsgrans-gymnasiet-202204.png 700w\" \/>\n\t\t\t\n\t\t\t\n\t\t\t\t\t<\/div>\n\t<\/div>\n\n\t\t\n\n<\/section>\n\n\n\n\n<section  class=\"ams-cta ams-cta--stacked c-block l-stacked\" data-color-scheme=\"vit\">\n\t<div class=\"l-container-narrow l-stack l-stack-fluid-2xl u-pt-fluid-3xl-6xl u-pb-fluid-3xl-6xl is-center is-center@md\">\n\t\t\t\t\t<div class=\"ams-cta__intro l-stack l-stack-lg\">\n\t\t\t\t\t\n\t<h2\n\tclass=\"c-heading u-font-title-1 \"\n\tstyle=\"\">\n\t\t\n\t\t\t\t\tR\u00e4kna ut ditt meritv\u00e4rde\n\t\t\t\t\n\t<\/h2>\n\n\t\t\t\t\t\t\t\t\t<div class=\"c-text l-stack u-cs-xl u-font-body\">\n\t\t\t\t\t\t<p>P\u00e5 gymnasiekoll.se kan du sj\u00e4lv r\u00e4kna ut ditt meritv\u00e4rde. D\u00e4r finns \u00e4ven mer information om hur det fungerar med betyg och po\u00e4ng.<\/p>\n\n\t\t\t\t\t<\/div>\n\t\t\t\t\t\t\t<\/div>\n\t\t\n\t\t\n\t\t\t<div class=\"ams-cta__action u-inline-items\">\n\t\t\t\t\t\t\t\n\n\n<a href=\"https:\/\/gymnasiekoll.se\/gymnasieval\/meritvarde\/\"\n\t\n\tclass=\"c-btn \"\n\tdata-style=\"rounded\"\n\tdata-size=\"md\"\n\tdata-width=\"full-mobile\"\n\tdata-variant=\"default\"\n\ttarget=\"_blank\">\n\t\t\t<span class=\"label\"> R\u00e4kna ut meritv\u00e4rde<\/span>\n\t\t\t<\/a>\n\t\t\t<\/div>\n\t<\/div>\n\n\t\t\n\n<\/section>\n","protected":false},"excerpt":{"rendered":"<p>Antagningsgr\u00e4ns och median 2025 \u00c4r du os\u00e4ker om du har de betygen som kr\u00e4vs f\u00f6r att komma in p\u00e5 v\u00e5ra program? Ingen fara, h\u00e4r har vi samlat \u00e5rets antagningsgr\u00e4ns och median. El- och energiprogrammet El- och energiprogrammet med inriktning\u00a0dator- och kommunikationsteknik hade\u00a0en\u00a0medelpo\u00e4ng p\u00e5\u00a0189,\u00a0en antagningsgr\u00e4ns p\u00e5\u00a0120\u00a0po\u00e4ng och en medianpo\u00e4ng p\u00e5\u00a0198.7. Estetiska programmet Estetiska programmet med inriktning\u00a0estetik&#8230;<\/p>\n","protected":false},"author":4,"featured_media":0,"parent":0,"menu_order":0,"comment_status":"closed","ping_status":"closed","template":"","meta":{"footnotes":""},"yoast_head":"<!-- This site is optimized with the Yoast SEO plugin v22.0 - https:\/\/yoast.com\/wordpress\/plugins\/seo\/ -->\n<title>Meritv\u00e4rden - NTI Gymnasiet Lule\u00e5<\/title>\n<meta name=\"description\" content=\"\u00c4r du os\u00e4ker om du har de betygen som kr\u00e4vs f\u00f6r att komma in p\u00e5 v\u00e5ra program? Ingen fara, h\u00e4r har vi samlat \u00e5rets antagningsgr\u00e4ns och median.\" \/>\n<meta name=\"robots\" content=\"index, follow, max-snippet:-1, max-image-preview:large, max-video-preview:-1\" \/>\n<link rel=\"canonical\" href=\"https:\/\/ntigymnasiet.se\/lulea\/meritvarden\/\" \/>\n<meta property=\"og:locale\" content=\"sv_SE\" \/>\n<meta property=\"og:type\" content=\"article\" \/>\n<meta property=\"og:title\" content=\"Meritv\u00e4rden - NTI Gymnasiet Lule\u00e5\" \/>\n<meta property=\"og:description\" content=\"\u00c4r du os\u00e4ker om du har de betygen som kr\u00e4vs f\u00f6r att komma in p\u00e5 v\u00e5ra program? Ingen fara, h\u00e4r har vi samlat \u00e5rets antagningsgr\u00e4ns och median.\" \/>\n<meta property=\"og:url\" content=\"https:\/\/ntigymnasiet.se\/lulea\/meritvarden\/\" \/>\n<meta property=\"og:site_name\" content=\"Lule\u00e5\" \/>\n<meta property=\"article:modified_time\" content=\"2025-11-21T14:40:19+00:00\" \/>\n<meta name=\"twitter:card\" content=\"summary_large_image\" \/>\n<meta name=\"twitter:title\" content=\"Meritv\u00e4rden - NTI Gymnasiet Lule\u00e5\" \/>\n<meta name=\"twitter:description\" content=\"\u00c4r du os\u00e4ker om du har de betygen som kr\u00e4vs f\u00f6r att komma in p\u00e5 v\u00e5ra program? Ingen fara, h\u00e4r har vi samlat \u00e5rets antagningsgr\u00e4ns och median.\" \/>\n<meta name=\"twitter:label1\" content=\"Est. reading time\" \/>\n\t<meta name=\"twitter:data1\" content=\"2 minuter\" \/>\n<script type=\"application\/ld+json\" class=\"yoast-schema-graph\">{\"@context\":\"https:\/\/schema.org\",\"@graph\":[{\"@type\":\"WebPage\",\"@id\":\"https:\/\/ntigymnasiet.se\/lulea\/meritvarden\/\",\"url\":\"https:\/\/ntigymnasiet.se\/lulea\/meritvarden\/\",\"name\":\"Meritv\u00e4rden - NTI Gymnasiet Lule\u00e5\",\"isPartOf\":{\"@id\":\"https:\/\/ntigymnasiet.se\/lulea\/#website\"},\"datePublished\":\"2023-03-31T14:58:15+00:00\",\"dateModified\":\"2025-11-21T14:40:19+00:00\",\"description\":\"\u00c4r du os\u00e4ker om du har de betygen som kr\u00e4vs f\u00f6r att komma in p\u00e5 v\u00e5ra program? Ingen fara, h\u00e4r har vi samlat \u00e5rets antagningsgr\u00e4ns och median.\",\"breadcrumb\":{\"@id\":\"https:\/\/ntigymnasiet.se\/lulea\/meritvarden\/#breadcrumb\"},\"inLanguage\":\"sv-SE\",\"potentialAction\":[{\"@type\":\"ReadAction\",\"target\":[\"https:\/\/ntigymnasiet.se\/lulea\/meritvarden\/\"]}]},{\"@type\":\"BreadcrumbList\",\"@id\":\"https:\/\/ntigymnasiet.se\/lulea\/meritvarden\/#breadcrumb\",\"itemListElement\":[{\"@type\":\"ListItem\",\"position\":1,\"name\":\"Start\",\"item\":\"https:\/\/ntigymnasiet.se\/lulea\/\"},{\"@type\":\"ListItem\",\"position\":2,\"name\":\"Meritv\u00e4rden\"}]},{\"@type\":\"WebSite\",\"@id\":\"https:\/\/ntigymnasiet.se\/lulea\/#website\",\"url\":\"https:\/\/ntigymnasiet.se\/lulea\/\",\"name\":\"Lule\u00e5\",\"description\":\"Just another WordPress site\",\"potentialAction\":[{\"@type\":\"SearchAction\",\"target\":{\"@type\":\"EntryPoint\",\"urlTemplate\":\"https:\/\/ntigymnasiet.se\/lulea\/?s={search_term_string}\"},\"query-input\":\"required name=search_term_string\"}],\"inLanguage\":\"sv-SE\"}]}<\/script>\n<!-- \/ Yoast SEO plugin. -->","yoast_head_json":{"title":"Meritv\u00e4rden - NTI Gymnasiet Lule\u00e5","description":"\u00c4r du os\u00e4ker om du har de betygen som kr\u00e4vs f\u00f6r att komma in p\u00e5 v\u00e5ra program? Ingen fara, h\u00e4r har vi samlat \u00e5rets antagningsgr\u00e4ns och median.","robots":{"index":"index","follow":"follow","max-snippet":"max-snippet:-1","max-image-preview":"max-image-preview:large","max-video-preview":"max-video-preview:-1"},"canonical":"https:\/\/ntigymnasiet.se\/lulea\/meritvarden\/","og_locale":"sv_SE","og_type":"article","og_title":"Meritv\u00e4rden - NTI Gymnasiet Lule\u00e5","og_description":"\u00c4r du os\u00e4ker om du har de betygen som kr\u00e4vs f\u00f6r att komma in p\u00e5 v\u00e5ra program? Ingen fara, h\u00e4r har vi samlat \u00e5rets antagningsgr\u00e4ns och median.","og_url":"https:\/\/ntigymnasiet.se\/lulea\/meritvarden\/","og_site_name":"Lule\u00e5","article_modified_time":"2025-11-21T14:40:19+00:00","twitter_card":"summary_large_image","twitter_title":"Meritv\u00e4rden - NTI Gymnasiet Lule\u00e5","twitter_description":"\u00c4r du os\u00e4ker om du har de betygen som kr\u00e4vs f\u00f6r att komma in p\u00e5 v\u00e5ra program? Ingen fara, h\u00e4r har vi samlat \u00e5rets antagningsgr\u00e4ns och median.","twitter_misc":{"Est. reading time":"2 minuter"},"schema":{"@context":"https:\/\/schema.org","@graph":[{"@type":"WebPage","@id":"https:\/\/ntigymnasiet.se\/lulea\/meritvarden\/","url":"https:\/\/ntigymnasiet.se\/lulea\/meritvarden\/","name":"Meritv\u00e4rden - NTI Gymnasiet Lule\u00e5","isPartOf":{"@id":"https:\/\/ntigymnasiet.se\/lulea\/#website"},"datePublished":"2023-03-31T14:58:15+00:00","dateModified":"2025-11-21T14:40:19+00:00","description":"\u00c4r du os\u00e4ker om du har de betygen som kr\u00e4vs f\u00f6r att komma in p\u00e5 v\u00e5ra program? Ingen fara, h\u00e4r har vi samlat \u00e5rets antagningsgr\u00e4ns och median.","breadcrumb":{"@id":"https:\/\/ntigymnasiet.se\/lulea\/meritvarden\/#breadcrumb"},"inLanguage":"sv-SE","potentialAction":[{"@type":"ReadAction","target":["https:\/\/ntigymnasiet.se\/lulea\/meritvarden\/"]}]},{"@type":"BreadcrumbList","@id":"https:\/\/ntigymnasiet.se\/lulea\/meritvarden\/#breadcrumb","itemListElement":[{"@type":"ListItem","position":1,"name":"Start","item":"https:\/\/ntigymnasiet.se\/lulea\/"},{"@type":"ListItem","position":2,"name":"Meritv\u00e4rden"}]},{"@type":"WebSite","@id":"https:\/\/ntigymnasiet.se\/lulea\/#website","url":"https:\/\/ntigymnasiet.se\/lulea\/","name":"Lule\u00e5","description":"Just another WordPress site","potentialAction":[{"@type":"SearchAction","target":{"@type":"EntryPoint","urlTemplate":"https:\/\/ntigymnasiet.se\/lulea\/?s={search_term_string}"},"query-input":"required name=search_term_string"}],"inLanguage":"sv-SE"}]}},"_links":{"self":[{"href":"https:\/\/ntigymnasiet.se\/lulea\/wp-json\/wp\/v2\/pages\/209"}],"collection":[{"href":"https:\/\/ntigymnasiet.se\/lulea\/wp-json\/wp\/v2\/pages"}],"about":[{"href":"https:\/\/ntigymnasiet.se\/lulea\/wp-json\/wp\/v2\/types\/page"}],"author":[{"embeddable":true,"href":"https:\/\/ntigymnasiet.se\/lulea\/wp-json\/wp\/v2\/users\/4"}],"replies":[{"embeddable":true,"href":"https:\/\/ntigymnasiet.se\/lulea\/wp-json\/wp\/v2\/comments?post=209"}],"version-history":[{"count":10,"href":"https:\/\/ntigymnasiet.se\/lulea\/wp-json\/wp\/v2\/pages\/209\/revisions"}],"predecessor-version":[{"id":1833,"href":"https:\/\/ntigymnasiet.se\/lulea\/wp-json\/wp\/v2\/pages\/209\/revisions\/1833"}],"wp:attachment":[{"href":"https:\/\/ntigymnasiet.se\/lulea\/wp-json\/wp\/v2\/media?parent=209"}],"curies":[{"name":"wp","href":"https:\/\/api.w.org\/{rel}","templated":true}]}}