{"id":1330,"date":"2023-11-10T15:22:16","date_gmt":"2023-11-10T14:22:16","guid":{"rendered":"https:\/\/ntigymnasiet.se\/vasteras\/?page_id=1330"},"modified":"2024-05-22T10:40:16","modified_gmt":"2024-05-22T08:40:16","slug":"teknikcollege","status":"publish","type":"page","link":"https:\/\/ntigymnasiet.se\/vasteras\/teknikcollege\/","title":{"rendered":"Teknikcollege"},"content":{"rendered":"\n\t\n\t\n\t\n\n\t\n\t\n\t\t\n<section  class=\"c-block l-stacked  \" data-color-scheme=\"vit\">\n\t<div class=\"ams-fifty ams-fifty--container ams-fifty--right ams-fifty--bottom l-container u-pt-fluid-3xl-6xl u-pb-fluid-3xl-6xl\">\n\t\t<div class=\"ams-fifty__content l-stack l-stack-xl is-left is-left@lg\">\n\t\t\t<div class=\"ams-fifty__text l-stack l-stack-lg\">\n\t\t\t\t\t\n\t<h1\n\tclass=\"c-heading u-font-title-1 \"\n\tstyle=\"\">\n\t\t\n\t\t\t\t\tCertifierat av Teknikcollege\n\t\t\t\t\n\t<\/h1>\n\n\t\t\t\t\t\t\t\t\t<div class=\"text l-stack u-font-body\">\n\t\t\t\t\t\t<p>Hos oss p\u00e5 NTI Gymnasiet V\u00e4ster\u00e5s \u00e4r <a href=\"https:\/\/ntigymnasiet.se\/vasteras\/program\/teknikprogrammet\/\">Teknikprogrammet<\/a>, <a href=\"https:\/\/ntigymnasiet.se\/vasteras\/program\/el-och-energiprogrammet\/\">El- och energiprogrammet<\/a> och <a href=\"https:\/\/ntigymnasiet.se\/vasteras\/program\/gymnasieingenjorsprogrammet\/\">Gymnasieingenj\u00f6rsprogrammet<\/a> certifierat av Teknikcollege.<\/p>\n<p>F\u00f6r att vi ska f\u00e5 kallas ett Teknikcollege m\u00e5ste vi ha ett etablerat samarbete mellan regionala, lokala f\u00f6retag och skola. Tillsammans uppfyller och lever vi upp till de \u00e5tta kvalitetskriterierna som Teknikcollege kr\u00e4ver \u2013\u00a0 en prestigefylld kvalitetsst\u00e4mpel p\u00e5 v\u00e5ra utbildningar.<\/p>\n\n\t\t\t\t\t<\/div>\n\t\t\t\t\t\t\t<\/div>\n\n\t\t\t\t\t<\/div>\n\n\t\t <div class=\"ams-fifty__media u-ratio-square\">\n\t\t \t\t\t\t\t<img decoding=\"async\" width=\"600\" height=\"600\" src=\"https:\/\/ntigymnasiet.se\/wp-content\/uploads\/sites\/23\/2023\/04\/nti-om-oss-teknik-it-design-202204-600x600.png\" class=\"attachment-md size-md\" alt=\"En elev \u00e4r vid en 3D-printer.\" sizes=\"(min-width: 64em) 600px, calc(100vw - 160px)\" srcset=\"https:\/\/ntigymnasiet.se\/wp-content\/uploads\/sites\/23\/2023\/04\/nti-om-oss-teknik-it-design-202204-600x600.png 600w, https:\/\/ntigymnasiet.se\/wp-content\/uploads\/sites\/23\/2023\/04\/nti-om-oss-teknik-it-design-202204-150x150.png 150w, https:\/\/ntigymnasiet.se\/wp-content\/uploads\/sites\/23\/2023\/04\/nti-om-oss-teknik-it-design-202204-300x300.png 300w, https:\/\/ntigymnasiet.se\/wp-content\/uploads\/sites\/23\/2023\/04\/nti-om-oss-teknik-it-design-202204-400x400.png 400w, https:\/\/ntigymnasiet.se\/wp-content\/uploads\/sites\/23\/2023\/04\/nti-om-oss-teknik-it-design-202204.png 700w\" \/>\n\t\t\t\n\t\t\t\n\t\t\t\t\t<\/div>\n\t<\/div>\n\n\t\t\n\n<\/section>\n\n\n\n\t\n\t\n\t\n\n\t\n\t\n\t\t\n<section  class=\"c-block l-stacked  \" data-color-scheme=\"light-grey\">\n\t<div class=\"ams-fifty ams-fifty--container ams-fifty--left ams-fifty--bottom l-container u-pt-fluid-3xl-6xl u-pb-fluid-3xl-6xl\">\n\t\t<div class=\"ams-fifty__content l-stack l-stack-xl is-left is-left@lg\">\n\t\t\t<div class=\"ams-fifty__text l-stack l-stack-lg\">\n\t\t\t\t\t\n\t<h2\n\tclass=\"c-heading u-font-title-1 \"\n\tstyle=\"\">\n\t\t\n\t\t\t\t\tVad inneb\u00e4r certifieringen f\u00f6r dig som elev?\n\t\t\t\t\n\t<\/h2>\n\n\t\t\t\t\t\t\t\t\t<div class=\"text l-stack u-font-body\">\n\t\t\t\t\t\t<p>Genom att vi \u00e4r certifierade av Teknikcollege kan du k\u00e4nna dig s\u00e4ker p\u00e5 att utbildningen \u00e4r kvalitetss\u00e4krad. Den \u00e4r noga anpassad f\u00f6r att helt matcha de kompetenskrav som f\u00f6retagen har n\u00e4r de anst\u00e4ller nya personer. Det g\u00f6r att du alltid kan k\u00e4nna dig s\u00e4ker p\u00e5 att den kunskap du f\u00e5r hos oss alltid \u00e4r relevant p\u00e5 arbetsmarknaden.<\/p>\n<h3 class=\"site__h-tag-2  wp-block-heading\">Praktik p\u00e5 ABB i \u00e5r 3<\/h3>\n<p>I och med certifieringen av Teknikcollege och har vi inlett ett samarbete med ABB f\u00f6r att matcha de kompetenskrav som finns i branschen.<\/p>\n<p>Som elev p\u00e5 v\u00e5rt <a href=\"https:\/\/ntigymnasiet.se\/vasteras\/program\/teknikprogrammet\/\">teknikprogram<\/a> f\u00e5r du d\u00e4rf\u00f6r i \u00e5r 3 m\u00f6jlighet att ha en veckas praktik\/<a href=\"https:\/\/ntigymnasiet.se\/vasteras\/nyheter\/lokal\/vad-ar-apl\">APL<\/a> (arbetsplatsf\u00f6rlagt l\u00e4rande) p\u00e5 det framst\u00e5ende teknikf\u00f6retaget\u00a0<a href=\"https:\/\/new.abb.com\/se\">ABB<\/a>. Du kommer ut p\u00e5 olika ABB-divisioner runt om i V\u00e4ster\u00e5s och f\u00e5r chansen att utforska olika roller och arbetsuppgifter. Vem vet, kanske hittar du ditt dr\u00f6mjobb?<\/p>\n\n\t\t\t\t\t<\/div>\n\t\t\t\t\t\t\t<\/div>\n\n\t\t\t\t\t<\/div>\n\n\t\t <div class=\"ams-fifty__media u-ratio-square\">\n\t\t \t\t\t\t\t<img decoding=\"async\" width=\"600\" height=\"600\" src=\"https:\/\/ntigymnasiet.se\/wp-content\/uploads\/sites\/23\/2023\/04\/nti-kvalitetsresultat-202204-600x600.png\" class=\"attachment-md size-md\" alt=\"Tjej med brun jacka som ler glatt.\" sizes=\"(min-width: 64em) 600px, calc(100vw - 160px)\" srcset=\"https:\/\/ntigymnasiet.se\/wp-content\/uploads\/sites\/23\/2023\/04\/nti-kvalitetsresultat-202204-600x600.png 600w, https:\/\/ntigymnasiet.se\/wp-content\/uploads\/sites\/23\/2023\/04\/nti-kvalitetsresultat-202204-150x150.png 150w, https:\/\/ntigymnasiet.se\/wp-content\/uploads\/sites\/23\/2023\/04\/nti-kvalitetsresultat-202204-300x300.png 300w, https:\/\/ntigymnasiet.se\/wp-content\/uploads\/sites\/23\/2023\/04\/nti-kvalitetsresultat-202204-400x400.png 400w, https:\/\/ntigymnasiet.se\/wp-content\/uploads\/sites\/23\/2023\/04\/nti-kvalitetsresultat-202204.png 700w\" \/>\n\t\t\t\n\t\t\t\n\t\t\t\t\t<\/div>\n\t<\/div>\n\n\t\t\n\n<\/section>\n\n\n\n\n<section  class=\"ams-cta ams-cta--stacked c-block l-stacked\" data-color-scheme=\"vit\">\n\t<div class=\"l-container-narrow l-stack l-stack-fluid-2xl u-pt-fluid-3xl-6xl u-pb-fluid-md-xl is-left is-left@md\">\n\t\t\t\t\t<div class=\"ams-cta__intro l-stack l-stack-lg\">\n\t\t\t\t\t\n\t<h2\n\tclass=\"c-heading u-font-title-1 \"\n\tstyle=\"\">\n\t\t\n\t\t\t\t\tVad \u00e4r Teknikcollege?\n\t\t\t\t\n\t<\/h2>\n\n\t\t\t\t\t\t\t\t\t<div class=\"c-text l-stack u-cs-xl u-font-body\">\n\t\t\t\t\t\t<p style=\"text-align: left;\">Teknikcollege \u00e4r Sveriges st\u00f6rsta samverkansplattform f\u00f6r industrins kompetensf\u00f6rs\u00f6rjning och en kvalitetsst\u00e4mpel p\u00e5 utbildningar d\u00e4r kommuner, utbildningsanordnare och f\u00f6retag samverkar f\u00f6r att \u00f6ka attraktionskraften och kvaliteten p\u00e5 tekniskt inriktade utbildningar.<\/p>\n<p style=\"text-align: left;\">Bakom Teknikcollege st\u00e5r Industrir\u00e5det som 2004 initierade konceptet. Industrir\u00e5det best\u00e5r av ledande f\u00f6retr\u00e4dare f\u00f6r svenska arbetsgivar- och arbetstagarorganisationer inom industrisektorn. Dessa organisationer \u00e4r de som driver konceptet tillsammans med certifierade regioner.<\/p>\n<h2 style=\"text-align: left;\">Teknikcollege i siffror<\/h2>\n<ul style=\"text-align: left;\">\n<li>24 certifierade regioner<\/li>\n<li>150 utbildningsanordnare<\/li>\n<li>\u00d6ver 3\u00a0000 samverkansf\u00f6retag fr\u00e5n norr till s\u00f6der<\/li>\n<li>Cirka 180 aktiva kommuner<\/li>\n<\/ul>\n<p style=\"text-align: left;\">Grundstenen i konceptet \u00e4r \u00e5tta kvalitetskriterier som syftar till att \u00f6ka statusen och kvaliteten f\u00f6r industrirelevanta utbildningar samt skapa en matchning mellan utbildningssystemet och de kompetensf\u00f6rs\u00f6rjningsbehov som Sveriges industrif\u00f6retag har.<\/p>\n<p><!-- \/wp:paragraph --><\/p>\n<p><!-- wp:heading --><\/p>\n<p><!-- \/wp:paragraph --><\/p>\n\n\t\t\t\t\t<\/div>\n\t\t\t\t\t\t\t<\/div>\n\t\t\n\t\t\n\t\t\t<div class=\"ams-cta__action u-inline-items\">\n\t\t\t\t\t\t\t\n\n\n<a href=\"https:\/\/teknikcollege.se\/\"\n\t\n\tclass=\"c-btn \"\n\tdata-style=\"rounded\"\n\tdata-size=\"md\"\n\tdata-width=\"full-mobile\"\n\tdata-variant=\"default\"\n\ttarget=\"_blank\">\n\t\t\t<span class=\"label\"> L\u00e4s mer om Teknikcollege<\/span>\n\t\t\t<\/a>\n\t\t\t<\/div>\n\t<\/div>\n\n\t\t\n\n<\/section>\n\n\n\n\n<section  class=\"ams-logos c-block l-stacked\">\n\t<div class=\"l-container l-stack l-stack-fluid-2xl u-pt-fluid-md-xl u-pb-fluid-3xl-6xl is-center is-center@md\">\n\t\t\n\t\t\t\t<div class=\"ams-logos__list c-carousel u-gap-fluid-sm\"\n\t\t\t data-type=\"image\"\n\t\t\t data-animated=\"false\"\n\t\t\t data-direction=\"horizontal\"\n\t\t\t data-reverse=\"false\"\n\t\t\t data-speed=\"medium\"\n\t\t\t data-fade=\"false\"\n\t\t\t style=\"--count: 2; --image-width-mobile: 100; --image-width-desktop: 200;\">\n\t\t\t\t\t\t\t<img decoding=\"async\" width=\"400\" height=\"329\" src=\"https:\/\/ntigymnasiet.se\/wp-content\/uploads\/sites\/23\/2023\/11\/teknikcollegelogotyp-400x329.png\" class=\"attachment-sm size-sm\" alt=\"Teknikcollege logo.\" style=\"--item: 0\" srcset=\"https:\/\/ntigymnasiet.se\/wp-content\/uploads\/sites\/23\/2023\/11\/teknikcollegelogotyp-400x329.png 400w, https:\/\/ntigymnasiet.se\/wp-content\/uploads\/sites\/23\/2023\/11\/teknikcollegelogotyp-300x247.png 300w, https:\/\/ntigymnasiet.se\/wp-content\/uploads\/sites\/23\/2023\/11\/teknikcollegelogotyp-600x494.png 600w, https:\/\/ntigymnasiet.se\/wp-content\/uploads\/sites\/23\/2023\/11\/teknikcollegelogotyp.png 700w\" sizes=\"(max-width: 400px) 100vw, 400px\" \/>\n\t\t\t\t\t\t\t<img decoding=\"async\" width=\"400\" height=\"159\" src=\"https:\/\/ntigymnasiet.se\/wp-content\/uploads\/sites\/23\/2024\/03\/abb-400x159.png\" class=\"attachment-sm size-sm\" alt=\"ABB logga.\" style=\"--item: 1\" srcset=\"https:\/\/ntigymnasiet.se\/wp-content\/uploads\/sites\/23\/2024\/03\/abb-400x159.png 400w, https:\/\/ntigymnasiet.se\/wp-content\/uploads\/sites\/23\/2024\/03\/abb-300x119.png 300w, https:\/\/ntigymnasiet.se\/wp-content\/uploads\/sites\/23\/2024\/03\/abb-600x238.png 600w, https:\/\/ntigymnasiet.se\/wp-content\/uploads\/sites\/23\/2024\/03\/abb.png 768w\" sizes=\"(max-width: 400px) 100vw, 400px\" \/>\n\t\t\t\t\t<\/div>\n\n\t\t\t<\/div>\n\n\t\t\n\n<\/section>\n\n\n\n\n<section  class=\"ams-cta ams-cta--stacked c-block l-stacked\" data-color-scheme=\"light-grey\">\n\t<div class=\"l-container l-stack l-stack-fluid-2xl u-pt-fluid-3xl-6xl u-pb-fluid-3xl-6xl is-center is-center@md\">\n\t\t\t\t\t<div class=\"ams-cta__intro l-stack l-stack-lg\">\n\t\t\t\t\t\n\t<h2\n\tclass=\"c-heading u-font-title-1 \"\n\tstyle=\"\">\n\t\t\n\t\t\t\t\tV\u00e5ra certifierade program\n\t\t\t\t\n\t<\/h2>\n\n\t\t\t\t\t\t\t\t\t<div class=\"c-text l-stack u-cs-xl u-font-body\">\n\t\t\t\t\t\t<p>L\u00e4s mer om v\u00e5ra program som \u00e4r certifierade av Teknikcollege.<\/p>\n\n\t\t\t\t\t<\/div>\n\t\t\t\t\t\t\t<\/div>\n\t\t\n\t\t\n\t\t\t<div class=\"ams-cta__action u-inline-items\">\n\t\t\t\t\t\t\t\n\n\n<a href=\"https:\/\/ntigymnasiet.se\/vasteras\/program\/teknikprogrammet\/\"\n\t\n\tclass=\"c-btn \"\n\tdata-style=\"rounded\"\n\tdata-size=\"md\"\n\tdata-width=\"full-mobile\"\n\tdata-variant=\"default\"\n\ttarget=\"_self\">\n\t\t\t<span class=\"label\"> Till teknikprogrammet<\/span>\n\t\t\t<\/a>\n\t\t\t\t\t\t\t\n\n\n<a href=\"https:\/\/ntigymnasiet.se\/vasteras\/program\/el-och-energiprogrammet\/\"\n\t\n\tclass=\"c-btn \"\n\tdata-style=\"rounded\"\n\tdata-size=\"md\"\n\tdata-width=\"full-mobile\"\n\tdata-variant=\"default\"\n\ttarget=\"_self\">\n\t\t\t<span class=\"label\"> Till el- och energiprogrammet<\/span>\n\t\t\t<\/a>\n\t\t\t\t\t\t\t\n\n\n<a href=\"https:\/\/ntigymnasiet.se\/vasteras\/program\/gymnasieingenjorsprogrammet\/\"\n\t\n\tclass=\"c-btn \"\n\tdata-style=\"rounded\"\n\tdata-size=\"md\"\n\tdata-width=\"full-mobile\"\n\tdata-variant=\"default\"\n\ttarget=\"_self\">\n\t\t\t<span class=\"label\"> Till Gymnasieingenj\u00f6r<\/span>\n\t\t\t<\/a>\n\t\t\t<\/div>\n\t<\/div>\n\n\t\t\n\n<\/section>\n","protected":false},"excerpt":{"rendered":"","protected":false},"author":13,"featured_media":0,"parent":0,"menu_order":0,"comment_status":"closed","ping_status":"closed","template":"","meta":{"footnotes":""},"yoast_head":"<!-- This site is optimized with the Yoast SEO plugin v22.0 - https:\/\/yoast.com\/wordpress\/plugins\/seo\/ -->\n<title>V\u00e4ster\u00e5s<\/title>\n<meta name=\"description\" content=\"NTI Gymnasiet V\u00e4ster\u00e5s \u00e4r certifierade av Teknikcollege. Men vad \u00e4r det och vad betyder det f\u00f6r dig? L\u00e4s mer om det h\u00e4r.\" \/>\n<meta name=\"robots\" content=\"index, follow, max-snippet:-1, max-image-preview:large, max-video-preview:-1\" \/>\n<link rel=\"canonical\" href=\"https:\/\/ntigymnasiet.se\/vasteras\/teknikcollege\/\" \/>\n<meta property=\"og:locale\" content=\"sv_SE\" \/>\n<meta property=\"og:type\" content=\"article\" \/>\n<meta property=\"og:description\" content=\"NTI Gymnasiet V\u00e4ster\u00e5s \u00e4r certifierade av Teknikcollege. Men vad \u00e4r det och vad betyder det f\u00f6r dig? L\u00e4s mer om det h\u00e4r.\" \/>\n<meta property=\"og:url\" content=\"https:\/\/ntigymnasiet.se\/vasteras\/teknikcollege\/\" \/>\n<meta property=\"og:site_name\" content=\"V\u00e4ster\u00e5s\" \/>\n<meta property=\"article:modified_time\" content=\"2024-05-22T08:40:16+00:00\" \/>\n<meta name=\"twitter:card\" content=\"summary_large_image\" \/>\n<meta name=\"twitter:description\" content=\"NTI Gymnasiet V\u00e4ster\u00e5s \u00e4r certifierade av Teknikcollege. Men vad \u00e4r det och vad betyder det f\u00f6r dig? L\u00e4s mer om det h\u00e4r.\" \/>\n<meta name=\"twitter:label1\" content=\"Est. reading time\" \/>\n\t<meta name=\"twitter:data1\" content=\"3 minuter\" \/>\n<script type=\"application\/ld+json\" class=\"yoast-schema-graph\">{\"@context\":\"https:\/\/schema.org\",\"@graph\":[{\"@type\":\"WebPage\",\"@id\":\"https:\/\/ntigymnasiet.se\/vasteras\/teknikcollege\/\",\"url\":\"https:\/\/ntigymnasiet.se\/vasteras\/teknikcollege\/\",\"name\":\"Teknikcollege - V\u00e4ster\u00e5s\",\"isPartOf\":{\"@id\":\"https:\/\/ntigymnasiet.se\/vasteras\/#website\"},\"datePublished\":\"2023-11-10T14:22:16+00:00\",\"dateModified\":\"2024-05-22T08:40:16+00:00\",\"description\":\"NTI Gymnasiet V\u00e4ster\u00e5s \u00e4r certifierade av Teknikcollege. Men vad \u00e4r det och vad betyder det f\u00f6r dig? L\u00e4s mer om det h\u00e4r.\",\"breadcrumb\":{\"@id\":\"https:\/\/ntigymnasiet.se\/vasteras\/teknikcollege\/#breadcrumb\"},\"inLanguage\":\"sv-SE\",\"potentialAction\":[{\"@type\":\"ReadAction\",\"target\":[\"https:\/\/ntigymnasiet.se\/vasteras\/teknikcollege\/\"]}]},{\"@type\":\"BreadcrumbList\",\"@id\":\"https:\/\/ntigymnasiet.se\/vasteras\/teknikcollege\/#breadcrumb\",\"itemListElement\":[{\"@type\":\"ListItem\",\"position\":1,\"name\":\"Start\",\"item\":\"https:\/\/ntigymnasiet.se\/vasteras\/\"},{\"@type\":\"ListItem\",\"position\":2,\"name\":\"Teknikcollege\"}]},{\"@type\":\"WebSite\",\"@id\":\"https:\/\/ntigymnasiet.se\/vasteras\/#website\",\"url\":\"https:\/\/ntigymnasiet.se\/vasteras\/\",\"name\":\"V\u00e4ster\u00e5s\",\"description\":\"Just another WordPress site\",\"potentialAction\":[{\"@type\":\"SearchAction\",\"target\":{\"@type\":\"EntryPoint\",\"urlTemplate\":\"https:\/\/ntigymnasiet.se\/vasteras\/?s={search_term_string}\"},\"query-input\":\"required name=search_term_string\"}],\"inLanguage\":\"sv-SE\"}]}<\/script>\n<!-- \/ Yoast SEO plugin. -->","yoast_head_json":{"title":"V\u00e4ster\u00e5s","description":"NTI Gymnasiet V\u00e4ster\u00e5s \u00e4r certifierade av Teknikcollege. Men vad \u00e4r det och vad betyder det f\u00f6r dig? L\u00e4s mer om det h\u00e4r.","robots":{"index":"index","follow":"follow","max-snippet":"max-snippet:-1","max-image-preview":"max-image-preview:large","max-video-preview":"max-video-preview:-1"},"canonical":"https:\/\/ntigymnasiet.se\/vasteras\/teknikcollege\/","og_locale":"sv_SE","og_type":"article","og_description":"NTI Gymnasiet V\u00e4ster\u00e5s \u00e4r certifierade av Teknikcollege. Men vad \u00e4r det och vad betyder det f\u00f6r dig? L\u00e4s mer om det h\u00e4r.","og_url":"https:\/\/ntigymnasiet.se\/vasteras\/teknikcollege\/","og_site_name":"V\u00e4ster\u00e5s","article_modified_time":"2024-05-22T08:40:16+00:00","twitter_card":"summary_large_image","twitter_description":"NTI Gymnasiet V\u00e4ster\u00e5s \u00e4r certifierade av Teknikcollege. Men vad \u00e4r det och vad betyder det f\u00f6r dig? L\u00e4s mer om det h\u00e4r.","twitter_misc":{"Est. reading time":"3 minuter"},"schema":{"@context":"https:\/\/schema.org","@graph":[{"@type":"WebPage","@id":"https:\/\/ntigymnasiet.se\/vasteras\/teknikcollege\/","url":"https:\/\/ntigymnasiet.se\/vasteras\/teknikcollege\/","name":"Teknikcollege - V\u00e4ster\u00e5s","isPartOf":{"@id":"https:\/\/ntigymnasiet.se\/vasteras\/#website"},"datePublished":"2023-11-10T14:22:16+00:00","dateModified":"2024-05-22T08:40:16+00:00","description":"NTI Gymnasiet V\u00e4ster\u00e5s \u00e4r certifierade av Teknikcollege. Men vad \u00e4r det och vad betyder det f\u00f6r dig? L\u00e4s mer om det h\u00e4r.","breadcrumb":{"@id":"https:\/\/ntigymnasiet.se\/vasteras\/teknikcollege\/#breadcrumb"},"inLanguage":"sv-SE","potentialAction":[{"@type":"ReadAction","target":["https:\/\/ntigymnasiet.se\/vasteras\/teknikcollege\/"]}]},{"@type":"BreadcrumbList","@id":"https:\/\/ntigymnasiet.se\/vasteras\/teknikcollege\/#breadcrumb","itemListElement":[{"@type":"ListItem","position":1,"name":"Start","item":"https:\/\/ntigymnasiet.se\/vasteras\/"},{"@type":"ListItem","position":2,"name":"Teknikcollege"}]},{"@type":"WebSite","@id":"https:\/\/ntigymnasiet.se\/vasteras\/#website","url":"https:\/\/ntigymnasiet.se\/vasteras\/","name":"V\u00e4ster\u00e5s","description":"Just another WordPress site","potentialAction":[{"@type":"SearchAction","target":{"@type":"EntryPoint","urlTemplate":"https:\/\/ntigymnasiet.se\/vasteras\/?s={search_term_string}"},"query-input":"required name=search_term_string"}],"inLanguage":"sv-SE"}]}},"_links":{"self":[{"href":"https:\/\/ntigymnasiet.se\/vasteras\/wp-json\/wp\/v2\/pages\/1330"}],"collection":[{"href":"https:\/\/ntigymnasiet.se\/vasteras\/wp-json\/wp\/v2\/pages"}],"about":[{"href":"https:\/\/ntigymnasiet.se\/vasteras\/wp-json\/wp\/v2\/types\/page"}],"author":[{"embeddable":true,"href":"https:\/\/ntigymnasiet.se\/vasteras\/wp-json\/wp\/v2\/users\/13"}],"replies":[{"embeddable":true,"href":"https:\/\/ntigymnasiet.se\/vasteras\/wp-json\/wp\/v2\/comments?post=1330"}],"version-history":[{"count":10,"href":"https:\/\/ntigymnasiet.se\/vasteras\/wp-json\/wp\/v2\/pages\/1330\/revisions"}],"predecessor-version":[{"id":1728,"href":"https:\/\/ntigymnasiet.se\/vasteras\/wp-json\/wp\/v2\/pages\/1330\/revisions\/1728"}],"wp:attachment":[{"href":"https:\/\/ntigymnasiet.se\/vasteras\/wp-json\/wp\/v2\/media?parent=1330"}],"curies":[{"name":"wp","href":"https:\/\/api.w.org\/{rel}","templated":true}]}}