{"id":191,"date":"2023-03-31T16:50:05","date_gmt":"2023-03-31T14:50:05","guid":{"rendered":"https:\/\/ntigymnasiet.se\/vetenskapsgymnasiet\/stockholm\/?page_id=191"},"modified":"2025-09-09T08:54:52","modified_gmt":"2025-09-09T06:54:52","slug":"var-skola","status":"publish","type":"page","link":"https:\/\/ntigymnasiet.se\/vetenskapsgymnasiet\/stockholm\/var-skola\/","title":{"rendered":"V\u00e5r skola"},"content":{"rendered":"\n\t\n\t\n\t\n\t\n\t\n\n<section \n\tclass=\"ams-hero ams-hero--classic ams-hero--50 c-block l-stacked  \"\n\tdata-color-scheme=\"hero\"\n\tstyle=\"\">\n\t<div class=\"ams-hero__container u-items-center u-justify-center\">\n\t\t<div\n\t\t\tclass=\"ams-hero__content l-stack l-stack-xl is-center is-center@md\" >\n\t\t\t<div class=\"l-stack l-stack-lg\">\n\t\t\t\t\n\t\t\t\t\t\t\t<\/div>\n\n\t\t\t\t\t<\/div>\n\t<\/div>\n\n\t\n\t\t\t\n\t\t\t\t\t\t\t\n\t\t\t\t<div class=\"c-bg c-bg--img\" data-settings=\"{&quot;desktop_settings&quot;:{&quot;size&quot;:&quot;cover&quot;,&quot;position&quot;:&quot;top-center&quot;},&quot;mobile_settings&quot;:{&quot;size&quot;:&quot;cover&quot;,&quot;position&quot;:&quot;top-center&quot;}}\" data-position=\"middle-center\" data-size=\"cover\">\n\t\t\t<img decoding=\"async\" width=\"1920\" height=\"1080\" src=\"https:\/\/ntigymnasiet.se\/wp-content\/uploads\/sites\/7\/2023\/05\/nti-om-oss-2-202204.jpg\" class=\"attachment-hero-lg size-hero-lg\" alt=\"Tre glada elever arbetar i den hydroponiska odlingen.\" sizes=\"(max-width: 1920px) 100vw, 1920px\" srcset=\"https:\/\/ntigymnasiet.se\/wp-content\/uploads\/sites\/7\/2023\/05\/nti-om-oss-2-202204.jpg 1920w, https:\/\/ntigymnasiet.se\/wp-content\/uploads\/sites\/7\/2023\/05\/nti-om-oss-2-202204-300x169.jpg 300w, https:\/\/ntigymnasiet.se\/wp-content\/uploads\/sites\/7\/2023\/05\/nti-om-oss-2-202204-1024x576.jpg 1024w, https:\/\/ntigymnasiet.se\/wp-content\/uploads\/sites\/7\/2023\/05\/nti-om-oss-2-202204-768x432.jpg 768w, https:\/\/ntigymnasiet.se\/wp-content\/uploads\/sites\/7\/2023\/05\/nti-om-oss-2-202204-1536x864.jpg 1536w, https:\/\/ntigymnasiet.se\/wp-content\/uploads\/sites\/7\/2023\/05\/nti-om-oss-2-202204-500x281.jpg 500w, https:\/\/ntigymnasiet.se\/wp-content\/uploads\/sites\/7\/2023\/05\/nti-om-oss-2-202204-340x191.jpg 340w, https:\/\/ntigymnasiet.se\/wp-content\/uploads\/sites\/7\/2023\/05\/nti-om-oss-2-202204-1100x620.jpg 1100w, https:\/\/ntigymnasiet.se\/wp-content\/uploads\/sites\/7\/2023\/05\/nti-om-oss-2-202204-1000x563.jpg 1000w, https:\/\/ntigymnasiet.se\/wp-content\/uploads\/sites\/7\/2023\/05\/nti-om-oss-2-202204-1200x675.jpg 1200w, https:\/\/ntigymnasiet.se\/wp-content\/uploads\/sites\/7\/2023\/05\/nti-om-oss-2-202204-600x338.jpg 600w, https:\/\/ntigymnasiet.se\/wp-content\/uploads\/sites\/7\/2023\/05\/nti-om-oss-2-202204-400x225.jpg 400w\" \/>\n\t\t<\/div>\n\t\n<\/section>\n\n\n\n\n<section  class=\"ams-cta ams-cta--stacked c-block l-stacked\" data-color-scheme=\"vit\">\n\t<div class=\"l-container-narrow l-stack l-stack-fluid-2xl u-pt-fluid-3xl-6xl u-pb-fluid-3xl-6xl is-center is-center@md\">\n\t\t\t\t\t<div class=\"ams-cta__intro l-stack l-stack-lg\">\n\t\t\t\t\t\n\t<h1\n\tclass=\"c-heading u-font-title-1 \"\n\tstyle=\"\">\n\t\t\n\t\t\t\t\tV\u00e5r gymnasieskola\n\t\t\t\t\n\t<\/h1>\n\n\t\t\t\t\t\t\t\t\t<div class=\"c-text l-stack u-cs-xl u-font-body\">\n\t\t\t\t\t\t<p>NTI Vetenskapsgymnasiet Stockholm \u00e4r ett gymnasium f\u00f6r dig med ambitioner, viljan att studera och med siktet inst\u00e4llt p\u00e5 universitetet och h\u00f6gskola. Dr\u00f6mmer du om en framtid som ingenj\u00f6r eller att jobba med bioteknik har du kommit helt r\u00e4tt!<\/p>\n\n\t\t\t\t\t<\/div>\n\t\t\t\t\t\t\t<\/div>\n\t\t\n\t\t\n\t\t\t<\/div>\n\n\t\t\n\n<\/section>\n\n\n\n\t\n\t\n\t\n\n\t\n\t\n\t\t\n<section  class=\"c-block l-stacked  \" data-color-scheme=\"light-grey\">\n\t<div class=\"ams-fifty ams-fifty--container ams-fifty--right ams-fifty--top l-container u-pt-fluid-3xl-6xl u-pb-fluid-3xl-6xl\">\n\t\t<div class=\"ams-fifty__content l-stack l-stack-xl is-left is-left@lg\">\n\t\t\t<div class=\"ams-fifty__text l-stack l-stack-lg\">\n\t\t\t\t\t\n\t<h2\n\tclass=\"c-heading u-font-title-1 \"\n\tstyle=\"\">\n\t\t\n\t\t\t\t\tV\u00e5ra program\n\t\t\t\t\n\t<\/h2>\n\n\t\t\t\t\t\t\t\t\t<div class=\"text l-stack u-font-body\">\n\t\t\t\t\t\t<p>Hos oss m\u00f6ter du engagerade och kunniga l\u00e4rare, d\u00e4r flera \u00e4r disputerade. Med deras hj\u00e4lp blir du v\u00e4l f\u00f6rberedd att ta dig an framtidens utmaningar. Du v\u00e4ljer mellan naturvetenskapsprogrammet och teknikprogrammet (inriktning teknikvetenskap). Matematiken \u00e4r central och n\u00e5got du b\u00f6r tycka om f\u00f6r att lyckas.<\/p>\n<p>P\u00e5 b\u00e5da programmen l\u00e4ser du mycket teori som varvas med praktiskt arbete. Du kommer att tillbringa mycket tid i v\u00e5ra labb som inneh\u00e5ller mycket sp\u00e4nnande utrustning, b\u00e5de inom naturvetenskap och teknik.<\/p>\n\n\t\t\t\t\t<\/div>\n\t\t\t\t\t\t\t<\/div>\n\n\t\t\t\t<div class=\"ams-fifty__action u-inline-items\">\n\t\t\t\t\t\t\t\n\n\n<a href=\"https:\/\/ntigymnasiet.se\/vetenskapsgymnasiet\/stockholm\/program\/\"\n\t\n\tclass=\"c-btn \"\n\tdata-style=\"rounded\"\n\tdata-size=\"md\"\n\tdata-width=\"full-mobile\"\n\tdata-variant=\"default\"\n\ttarget=\"_self\">\n\t\t\t<span class=\"label\"> Se v\u00e5ra program<\/span>\n\t\t\t<\/a>\n\t\t\t<\/div>\n\t\t<\/div>\n\n\t\t <div class=\"ams-fifty__media u-ratio-square\">\n\t\t \t\t\t\t\t<img decoding=\"async\" width=\"400\" height=\"400\" src=\"https:\/\/ntigymnasiet.se\/wp-content\/uploads\/sites\/7\/2023\/05\/nti-teknikgymnasium-4-202204-400x400.png\" class=\"attachment-md size-md\" alt=\"Glad elev.\" sizes=\"(min-width: 64em) 600px, calc(100vw - 160px)\" srcset=\"https:\/\/ntigymnasiet.se\/wp-content\/uploads\/sites\/7\/2023\/05\/nti-teknikgymnasium-4-202204-400x400.png 400w, https:\/\/ntigymnasiet.se\/wp-content\/uploads\/sites\/7\/2023\/05\/nti-teknikgymnasium-4-202204-300x300.png 300w, https:\/\/ntigymnasiet.se\/wp-content\/uploads\/sites\/7\/2023\/05\/nti-teknikgymnasium-4-202204-150x150.png 150w, https:\/\/ntigymnasiet.se\/wp-content\/uploads\/sites\/7\/2023\/05\/nti-teknikgymnasium-4-202204-500x500.png 500w, https:\/\/ntigymnasiet.se\/wp-content\/uploads\/sites\/7\/2023\/05\/nti-teknikgymnasium-4-202204-229x229.png 229w, https:\/\/ntigymnasiet.se\/wp-content\/uploads\/sites\/7\/2023\/05\/nti-teknikgymnasium-4-202204-340x340.png 340w, https:\/\/ntigymnasiet.se\/wp-content\/uploads\/sites\/7\/2023\/05\/nti-teknikgymnasium-4-202204-670x670.png 670w, https:\/\/ntigymnasiet.se\/wp-content\/uploads\/sites\/7\/2023\/05\/nti-teknikgymnasium-4-202204-100x100.png 100w, https:\/\/ntigymnasiet.se\/wp-content\/uploads\/sites\/7\/2023\/05\/nti-teknikgymnasium-4-202204-515x515.png 515w, https:\/\/ntigymnasiet.se\/wp-content\/uploads\/sites\/7\/2023\/05\/nti-teknikgymnasium-4-202204-600x600.png 600w, https:\/\/ntigymnasiet.se\/wp-content\/uploads\/sites\/7\/2023\/05\/nti-teknikgymnasium-4-202204.png 700w\" \/>\n\t\t\t\n\t\t\t\n\t\t\t\t\t<\/div>\n\t<\/div>\n\n\t\t\n\n<\/section>\n\n\n\n\t\n\t\n\t\n\n\t\n\t\n\t\t\n<section  class=\"c-block l-stacked  \" data-color-scheme=\"vit\">\n\t<div class=\"ams-fifty ams-fifty--container ams-fifty--left ams-fifty--top l-container u-pt-fluid-3xl-6xl u-pb-fluid-3xl-6xl\">\n\t\t<div class=\"ams-fifty__content l-stack l-stack-xl is-left is-left@lg\">\n\t\t\t<div class=\"ams-fifty__text l-stack l-stack-lg\">\n\t\t\t\t\t\n\t<h2\n\tclass=\"c-heading u-font-title-1 \"\n\tstyle=\"\">\n\t\t\n\t\t\t\t\tMer \u00e4n bara studier\n\t\t\t\t\n\t<\/h2>\n\n\t\t\t\t\t\t\t\t\t<div class=\"text l-stack u-font-body\">\n\t\t\t\t\t\t<p>Gymnasiet \u00e4r inte bara studier utan ocks\u00e5 en viktig tid i livet d\u00e5 du m\u00f6ter nya v\u00e4nner, det tycker vi \u00e4r viktigt. F\u00f6rutom studierna hoppas vi att du vill vara med i n\u00e5gon av v\u00e5ra elevf\u00f6reningar &#8211; eller kanske starta en ny!<\/p>\n<p>N\u00e4r du beh\u00f6ver st\u00f6ttning, oavsett om det g\u00e4ller studier eller annat, finns det gott om vuxna att v\u00e4nda sig till. F\u00f6rutom dina l\u00e4rare har du en egen mentor. Dessutom finns kurator, skolsk\u00f6terska, specialpedagog, SYV och skolledning att prata med. F\u00f6r oss \u00e4r det viktigt att du trivs och m\u00e5r bra!<\/p>\n\n\t\t\t\t\t<\/div>\n\t\t\t\t\t\t\t<\/div>\n\n\t\t\t\t<div class=\"ams-fifty__action u-inline-items\">\n\t\t\t\t\t\t\t\n\n\n<a href=\"https:\/\/ntigymnasiet.se\/vetenskapsgymnasiet\/stockholm\/var-skola\/elevhalsa\/\"\n\t\n\tclass=\"c-btn \"\n\tdata-style=\"rounded\"\n\tdata-size=\"md\"\n\tdata-width=\"full-mobile\"\n\tdata-variant=\"default\"\n\ttarget=\"_self\">\n\t\t\t<span class=\"label\"> L\u00e4s mer om elevh\u00e4lsan<\/span>\n\t\t\t<\/a>\n\t\t\t<\/div>\n\t\t<\/div>\n\n\t\t <div class=\"ams-fifty__media u-ratio-square\">\n\t\t \t\t\t\t\t<img decoding=\"async\" width=\"400\" height=\"400\" src=\"https:\/\/ntigymnasiet.se\/wp-content\/uploads\/sites\/7\/2023\/05\/nti-gymnasieskola-9-202204-400x400.png\" class=\"attachment-md size-md\" alt=\"Elev st\u00e5r framf\u00f6r en whiteboard och pekar mot den.\" sizes=\"(min-width: 64em) 600px, calc(100vw - 160px)\" srcset=\"https:\/\/ntigymnasiet.se\/wp-content\/uploads\/sites\/7\/2023\/05\/nti-gymnasieskola-9-202204-400x400.png 400w, https:\/\/ntigymnasiet.se\/wp-content\/uploads\/sites\/7\/2023\/05\/nti-gymnasieskola-9-202204-300x300.png 300w, https:\/\/ntigymnasiet.se\/wp-content\/uploads\/sites\/7\/2023\/05\/nti-gymnasieskola-9-202204-150x150.png 150w, https:\/\/ntigymnasiet.se\/wp-content\/uploads\/sites\/7\/2023\/05\/nti-gymnasieskola-9-202204-500x500.png 500w, https:\/\/ntigymnasiet.se\/wp-content\/uploads\/sites\/7\/2023\/05\/nti-gymnasieskola-9-202204-229x229.png 229w, https:\/\/ntigymnasiet.se\/wp-content\/uploads\/sites\/7\/2023\/05\/nti-gymnasieskola-9-202204-340x340.png 340w, https:\/\/ntigymnasiet.se\/wp-content\/uploads\/sites\/7\/2023\/05\/nti-gymnasieskola-9-202204-670x670.png 670w, https:\/\/ntigymnasiet.se\/wp-content\/uploads\/sites\/7\/2023\/05\/nti-gymnasieskola-9-202204-100x100.png 100w, https:\/\/ntigymnasiet.se\/wp-content\/uploads\/sites\/7\/2023\/05\/nti-gymnasieskola-9-202204-515x515.png 515w, https:\/\/ntigymnasiet.se\/wp-content\/uploads\/sites\/7\/2023\/05\/nti-gymnasieskola-9-202204-600x600.png 600w, https:\/\/ntigymnasiet.se\/wp-content\/uploads\/sites\/7\/2023\/05\/nti-gymnasieskola-9-202204.png 700w\" \/>\n\t\t\t\n\t\t\t\n\t\t\t\t\t<\/div>\n\t<\/div>\n\n\t\t\n\n<\/section>\n\n\n\n\t\n\t\n\t\n\n\t\n\t\n\t\t\n<section  class=\"c-block l-stacked  \" data-color-scheme=\"light-grey\">\n\t<div class=\"ams-fifty ams-fifty--container ams-fifty--right ams-fifty--bottom l-container u-pt-fluid-3xl-6xl u-pb-fluid-3xl-6xl\">\n\t\t<div class=\"ams-fifty__content l-stack l-stack-xl is-left is-left@lg\">\n\t\t\t<div class=\"ams-fifty__text l-stack l-stack-lg\">\n\t\t\t\t\t\n\t<h2\n\tclass=\"c-heading u-font-title-1 \"\n\tstyle=\"\">\n\t\t\n\t\t\t\t\tFramtidens innovationer b\u00f6rjar h\u00e4r\n\t\t\t\t\n\t<\/h2>\n\n\t\t\t\t\t\t\t\t\t<div class=\"text l-stack u-font-body\">\n\t\t\t\t\t\t<p data-pm-slice=\"1 1 []\">P\u00e5 v\u00e5ra gymnasieskolor f\u00e5r du testa teorin i verkligheten och ta dina f\u00f6rsta steg mot att utveckla framtiden. Du f\u00e5r exempelvis skapa i v\u00e5ra makerspaces eller starta och driva f\u00f6retag tillsammans med andra. Dessutom f\u00e5r du med dig f\u00e4rska kunskaper inom programmering och entrepren\u00f6rskap. Digital grundkunskap f\u00f6renar v\u00e5ra program och g\u00f6r dig eftertraktad oavsett vilken bransch du v\u00e4ljer att arbeta inom i framtiden.<\/p>\n\n\t\t\t\t\t<\/div>\n\t\t\t\t\t\t\t<\/div>\n\n\t\t\t\t\t<\/div>\n\n\t\t <div class=\"ams-fifty__media u-ratio-widescreen\">\n\t\t \t\n\t\t\t\n\t\t\t\t\t\t\t<lite-youtube videoid=\"Y-TCNfrz-4A\" style=\"background-image: url('https:\/\/i.ytimg.com\/vi\/Y-TCNfrz-4A\/hqdefault.jpg');\">\n\t\t\t\t\t\t<button href=\"https:\/\/youtube.com\/watch?v=Y-TCNfrz-4A\" class=\"lty-playbtn\" title=\"Play Video\">\n\t\t\t\t\t\t\t<span class=\"lyt-visually-hidden\">Play Video<\/span>\n\t\t\t\t\t\t<\/button>\n\t\t\t\t\t<\/lite-youtube>\n\t\t\t\t\t<\/div>\n\t<\/div>\n\n\t\t\n\n<\/section>\n\n\n\n\t<div class=\"module_wrapper ams_remote_pages_module \">\n\t\t\n\n<section  class=\"ams-cta ams-cta--stacked c-block l-stacked\" data-color-scheme=\"vit-2-pa-mork-bakgrund\">\n\t<div class=\"l-container-narrow l-stack l-stack-fluid-2xl u-pt-fluid-3xl-6xl u-pb-fluid-3xl-6xl is-center is-center@md\">\n\t\t\t\t\t<div class=\"ams-cta__intro l-stack l-stack-lg\">\n\t\t\t\t\t\n\t<h2\n\tclass=\"c-heading u-font-title-1 \"\n\tstyle=\"\">\n\t\t\n\t\t\t\t\tVill du bes\u00f6ka oss?\n\t\t\t\t\n\t<\/h2>\n\n\t\t\t\t\t\t\t\t\t<div class=\"c-text l-stack u-cs-xl u-font-body\">\n\t\t\t\t\t\t<p><span data-sheets-value=\"{&quot;1&quot;:2,&quot;2&quot;:&quot;Kom p\u00e5 \u00f6ppet hus eller g\u00f6r en prova p\u00e5-dag hos oss. D\u00e5 f\u00e5r du mer information om skolan och kan tr\u00e4ffa elever och l\u00e4rare.&quot;}\" data-sheets-userformat=\"{&quot;2&quot;:963,&quot;3&quot;:{&quot;1&quot;:0},&quot;4&quot;:{&quot;1&quot;:2,&quot;2&quot;:16777215},&quot;9&quot;:0,&quot;10&quot;:0,&quot;11&quot;:3,&quot;12&quot;:0}\">Kom p\u00e5 \u00f6ppet hus eller g\u00f6r en prova p\u00e5-dag hos oss. D\u00e5 f\u00e5r du mer information om skolan och kan tr\u00e4ffa elever och l\u00e4rare.<\/span><\/p>\n\n\t\t\t\t\t<\/div>\n\t\t\t\t\t\t\t<\/div>\n\t\t\n\t\t\n\t\t\t<div class=\"ams-cta__action u-inline-items\">\n\t\t\t\t\t\t\t\n\n\n<a href=\"https:\/\/ntigymnasiet.se\/vetenskapsgymnasiet\/stockholm\/oppet-hus\/\"\n\t\n\tclass=\"c-btn \"\n\tdata-style=\"rounded\"\n\tdata-size=\"md\"\n\tdata-width=\"full-mobile\"\n\tdata-variant=\"default\"\n\ttarget=\"_self\">\n\t\t\t<span class=\"label\"> G\u00e5 p\u00e5 \u00f6ppet hus<\/span>\n\t\t\t<\/a>\n\t\t\t\t\t\t\t\n\n\n<a href=\"https:\/\/ntigymnasiet.se\/vetenskapsgymnasiet\/stockholm\/prova-pa-dag\/\"\n\t\n\tclass=\"c-btn \"\n\tdata-style=\"rounded\"\n\tdata-size=\"md\"\n\tdata-width=\"full-mobile\"\n\tdata-variant=\"outline\"\n\ttarget=\"_self\">\n\t\t\t<span class=\"label\"> Boka prova p\u00e5-dag<\/span>\n\t\t\t<\/a>\n\t\t\t<\/div>\n\t<\/div>\n\n\t\t\n\t\t\t\n\t\t\t\t\t\t\t\n\t\t\t\t<div class=\"c-bg c-bg--img\" data-settings=\"{&quot;desktop_settings&quot;:{&quot;size&quot;:&quot;cover&quot;,&quot;position&quot;:&quot;middle-center&quot;},&quot;mobile_settings&quot;:{&quot;size&quot;:&quot;cover&quot;,&quot;position&quot;:&quot;middle-center&quot;}}\" data-position=\"middle-center\" data-size=\"cover\">\n\t\t\t<img decoding=\"async\" width=\"1920\" height=\"1080\" src=\"https:\/\/ntigymnasiet.se\/wp-content\/uploads\/sites\/7\/2023\/04\/ntisciencebgsvagacirklar3.jpg\" class=\"attachment-hero-lg size-hero-lg\" alt=\"Gr\u00f6n bakgrundsbild.\" sizes=\"(max-width: 1920px) 100vw, 1920px\" srcset=\"https:\/\/ntigymnasiet.se\/wp-content\/uploads\/sites\/7\/2023\/04\/ntisciencebgsvagacirklar3.jpg 1920w, https:\/\/ntigymnasiet.se\/wp-content\/uploads\/sites\/7\/2023\/04\/ntisciencebgsvagacirklar3-300x169.jpg 300w, https:\/\/ntigymnasiet.se\/wp-content\/uploads\/sites\/7\/2023\/04\/ntisciencebgsvagacirklar3-1024x576.jpg 1024w, https:\/\/ntigymnasiet.se\/wp-content\/uploads\/sites\/7\/2023\/04\/ntisciencebgsvagacirklar3-768x432.jpg 768w, https:\/\/ntigymnasiet.se\/wp-content\/uploads\/sites\/7\/2023\/04\/ntisciencebgsvagacirklar3-1536x864.jpg 1536w, https:\/\/ntigymnasiet.se\/wp-content\/uploads\/sites\/7\/2023\/04\/ntisciencebgsvagacirklar3-500x281.jpg 500w, https:\/\/ntigymnasiet.se\/wp-content\/uploads\/sites\/7\/2023\/04\/ntisciencebgsvagacirklar3-340x191.jpg 340w, https:\/\/ntigymnasiet.se\/wp-content\/uploads\/sites\/7\/2023\/04\/ntisciencebgsvagacirklar3-1100x620.jpg 1100w, https:\/\/ntigymnasiet.se\/wp-content\/uploads\/sites\/7\/2023\/04\/ntisciencebgsvagacirklar3-1000x563.jpg 1000w, https:\/\/ntigymnasiet.se\/wp-content\/uploads\/sites\/7\/2023\/04\/ntisciencebgsvagacirklar3-1200x675.jpg 1200w, https:\/\/ntigymnasiet.se\/wp-content\/uploads\/sites\/7\/2023\/04\/ntisciencebgsvagacirklar3-600x338.jpg 600w, https:\/\/ntigymnasiet.se\/wp-content\/uploads\/sites\/7\/2023\/04\/ntisciencebgsvagacirklar3-400x225.jpg 400w\" \/>\n\t\t<\/div>\n\t\n<\/section>\n\t<\/div>\n\n\t\n\n\n\n<section  class=\"ams-social-media-feed c-block l-stacked\" data-color-scheme=\"light-grey\">\n\t<div class=\"l-container l-stack l-stack-fluid-2xl u-pt-fluid-3xl-6xl u-pb-fluid-3xl-6xl is-center is-center@md\">\n\t\t\t\t\t<div class=\"ams-social-media-feed__intro l-stack l-stack-lg\">\n\t\t\t\t\t\n\t<h2\n\tclass=\"c-heading u-font-title-1 \"\n\tstyle=\"\">\n\t\t\n\t\t\t\t\tF\u00e5 en inblick i v\u00e5r vardag\n\t\t\t\t\n\t<\/h2>\n\n\t\t\t\t\t\t\t\t\t<div class=\"c-text l-stack u-cs-xl u-font-body\">\n\t\t\t\t\t\t<p>F\u00e5 en inblick i v\u00e5r vardag genom att f\u00f6lja oss p\u00e5 sociala medier.<\/p>\n\n\t\t\t\t\t<\/div>\n\t\t\t\t\t\t\t<\/div>\n\t\t\n\t\t\t\t\t<div class=\"elfsight-app-5e639313-118b-418f-bc4b-7e6e6b93a515\"><\/div>\n\t\n\t\t\t<\/div>\n\n\t\t\n\n<\/section>\n\n\n\n\n<section  class=\"ams-cta ams-cta--stacked c-block l-stacked\" data-color-scheme=\"vit\">\n\t<div class=\"l-container-narrow l-stack l-stack-fluid-2xl u-pt-fluid-3xl-6xl u-pb-fluid-3xl-6xl is-center is-center@md\">\n\t\t\t\t\t<div class=\"ams-cta__intro l-stack l-stack-lg\">\n\t\t\t\t\t\n\t<h2\n\tclass=\"c-heading u-font-title-1 \"\n\tstyle=\"\">\n\t\t\n\t\t\t\t\tVanliga fr\u00e5gor\n\t\t\t\t\n\t<\/h2>\n\n\t\t\t\t\t\t\t\t\t<div class=\"c-text l-stack u-cs-xl u-font-body\">\n\t\t\t\t\t\t<p><span data-sheets-value=\"{&quot;1&quot;:2,&quot;2&quot;:&quot;H\u00e4r hittar du svaren p\u00e5 vanliga fr\u00e5gor om NTI Gymnasiet Ort.&quot;}\" data-sheets-userformat=\"{&quot;2&quot;:835,&quot;3&quot;:{&quot;1&quot;:0},&quot;4&quot;:{&quot;1&quot;:2,&quot;2&quot;:16777215},&quot;9&quot;:0,&quot;11&quot;:3,&quot;12&quot;:0}\">H\u00e4r hittar du svaren p\u00e5 vanliga fr\u00e5gor om v\u00e5r skola.<\/span><\/p>\n\n\t\t\t\t\t<\/div>\n\t\t\t\t\t\t\t<\/div>\n\t\t\n\t\t\n\t\t\t<div class=\"ams-cta__action u-inline-items\">\n\t\t\t\t\t\t\t\n\n\n<a href=\"https:\/\/ntigymnasiet.se\/vetenskapsgymnasiet\/stockholm\/vanliga-fragor\/\"\n\t\n\tclass=\"c-btn \"\n\tdata-style=\"rounded\"\n\tdata-size=\"md\"\n\tdata-width=\"full-mobile\"\n\tdata-variant=\"default\"\n\ttarget=\"_self\">\n\t\t\t<span class=\"label\"> Till vanliga fr\u00e5gor<\/span>\n\t\t\t<\/a>\n\t\t\t<\/div>\n\t<\/div>\n\n\t\t\n\n<\/section>\n","protected":false},"excerpt":{"rendered":"","protected":false},"author":4,"featured_media":0,"parent":0,"menu_order":0,"comment_status":"closed","ping_status":"closed","template":"","meta":{"footnotes":""},"yoast_head":"<!-- This site is optimized with the Yoast SEO plugin v22.0 - https:\/\/yoast.com\/wordpress\/plugins\/seo\/ -->\n<title>V\u00e5r skola - NTI Vetenskapsgymnasiet Stockholm<\/title>\n<meta name=\"description\" content=\"NTI Vetenskapsgymnasiet Stockholm \u00e4r en skola f\u00f6r dig med ambitioner, viljan att studera och med siktet inst\u00e4llt p\u00e5 universitetet och h\u00f6gskola.\" \/>\n<meta name=\"robots\" content=\"index, follow, max-snippet:-1, max-image-preview:large, max-video-preview:-1\" \/>\n<link rel=\"canonical\" href=\"https:\/\/ntigymnasiet.se\/vetenskapsgymnasiet\/stockholm\/var-skola\/\" \/>\n<meta property=\"og:locale\" content=\"sv_SE\" \/>\n<meta property=\"og:type\" content=\"article\" \/>\n<meta property=\"og:title\" content=\"V\u00e5r skola - NTI Vetenskapsgymnasiet Stockholm\" \/>\n<meta property=\"og:description\" content=\"NTI Vetenskapsgymnasiet Stockholm \u00e4r en skola f\u00f6r dig med ambitioner, viljan att studera och med siktet inst\u00e4llt p\u00e5 universitetet och h\u00f6gskola.\" \/>\n<meta property=\"og:url\" content=\"https:\/\/ntigymnasiet.se\/vetenskapsgymnasiet\/stockholm\/var-skola\/\" \/>\n<meta property=\"og:site_name\" content=\"Stockholm\" \/>\n<meta property=\"article:modified_time\" content=\"2025-09-09T06:54:52+00:00\" \/>\n<meta name=\"twitter:card\" content=\"summary_large_image\" \/>\n<meta name=\"twitter:title\" content=\"V\u00e5r skola - NTI Vetenskapsgymnasiet Stockholm\" \/>\n<meta name=\"twitter:description\" content=\"NTI Vetenskapsgymnasiet Stockholm \u00e4r en skola f\u00f6r dig med ambitioner, viljan att studera och med siktet inst\u00e4llt p\u00e5 universitetet och h\u00f6gskola.\" \/>\n<script type=\"application\/ld+json\" class=\"yoast-schema-graph\">{\"@context\":\"https:\/\/schema.org\",\"@graph\":[{\"@type\":\"WebPage\",\"@id\":\"https:\/\/ntigymnasiet.se\/vetenskapsgymnasiet\/stockholm\/var-skola\/\",\"url\":\"https:\/\/ntigymnasiet.se\/vetenskapsgymnasiet\/stockholm\/var-skola\/\",\"name\":\"V\u00e5r skola - NTI Vetenskapsgymnasiet Stockholm\",\"isPartOf\":{\"@id\":\"https:\/\/ntigymnasiet.se\/vetenskapsgymnasiet\/stockholm\/#website\"},\"datePublished\":\"2023-03-31T14:50:05+00:00\",\"dateModified\":\"2025-09-09T06:54:52+00:00\",\"description\":\"NTI Vetenskapsgymnasiet Stockholm \u00e4r en skola f\u00f6r dig med ambitioner, viljan att studera och med siktet inst\u00e4llt p\u00e5 universitetet och h\u00f6gskola.\",\"breadcrumb\":{\"@id\":\"https:\/\/ntigymnasiet.se\/vetenskapsgymnasiet\/stockholm\/var-skola\/#breadcrumb\"},\"inLanguage\":\"sv-SE\",\"potentialAction\":[{\"@type\":\"ReadAction\",\"target\":[\"https:\/\/ntigymnasiet.se\/vetenskapsgymnasiet\/stockholm\/var-skola\/\"]}]},{\"@type\":\"BreadcrumbList\",\"@id\":\"https:\/\/ntigymnasiet.se\/vetenskapsgymnasiet\/stockholm\/var-skola\/#breadcrumb\",\"itemListElement\":[{\"@type\":\"ListItem\",\"position\":1,\"name\":\"Start\",\"item\":\"https:\/\/ntigymnasiet.se\/vetenskapsgymnasiet\/stockholm\/\"},{\"@type\":\"ListItem\",\"position\":2,\"name\":\"V\u00e5r skola\"}]},{\"@type\":\"WebSite\",\"@id\":\"https:\/\/ntigymnasiet.se\/vetenskapsgymnasiet\/stockholm\/#website\",\"url\":\"https:\/\/ntigymnasiet.se\/vetenskapsgymnasiet\/stockholm\/\",\"name\":\"Stockholm\",\"description\":\"Just another WordPress site\",\"potentialAction\":[{\"@type\":\"SearchAction\",\"target\":{\"@type\":\"EntryPoint\",\"urlTemplate\":\"https:\/\/ntigymnasiet.se\/vetenskapsgymnasiet\/stockholm\/?s={search_term_string}\"},\"query-input\":\"required name=search_term_string\"}],\"inLanguage\":\"sv-SE\"}]}<\/script>\n<!-- \/ Yoast SEO plugin. -->","yoast_head_json":{"title":"V\u00e5r skola - NTI Vetenskapsgymnasiet Stockholm","description":"NTI Vetenskapsgymnasiet Stockholm \u00e4r en skola f\u00f6r dig med ambitioner, viljan att studera och med siktet inst\u00e4llt p\u00e5 universitetet och h\u00f6gskola.","robots":{"index":"index","follow":"follow","max-snippet":"max-snippet:-1","max-image-preview":"max-image-preview:large","max-video-preview":"max-video-preview:-1"},"canonical":"https:\/\/ntigymnasiet.se\/vetenskapsgymnasiet\/stockholm\/var-skola\/","og_locale":"sv_SE","og_type":"article","og_title":"V\u00e5r skola - NTI Vetenskapsgymnasiet Stockholm","og_description":"NTI Vetenskapsgymnasiet Stockholm \u00e4r en skola f\u00f6r dig med ambitioner, viljan att studera och med siktet inst\u00e4llt p\u00e5 universitetet och h\u00f6gskola.","og_url":"https:\/\/ntigymnasiet.se\/vetenskapsgymnasiet\/stockholm\/var-skola\/","og_site_name":"Stockholm","article_modified_time":"2025-09-09T06:54:52+00:00","twitter_card":"summary_large_image","twitter_title":"V\u00e5r skola - NTI Vetenskapsgymnasiet Stockholm","twitter_description":"NTI Vetenskapsgymnasiet Stockholm \u00e4r en skola f\u00f6r dig med ambitioner, viljan att studera och med siktet inst\u00e4llt p\u00e5 universitetet och h\u00f6gskola.","schema":{"@context":"https:\/\/schema.org","@graph":[{"@type":"WebPage","@id":"https:\/\/ntigymnasiet.se\/vetenskapsgymnasiet\/stockholm\/var-skola\/","url":"https:\/\/ntigymnasiet.se\/vetenskapsgymnasiet\/stockholm\/var-skola\/","name":"V\u00e5r skola - NTI Vetenskapsgymnasiet Stockholm","isPartOf":{"@id":"https:\/\/ntigymnasiet.se\/vetenskapsgymnasiet\/stockholm\/#website"},"datePublished":"2023-03-31T14:50:05+00:00","dateModified":"2025-09-09T06:54:52+00:00","description":"NTI Vetenskapsgymnasiet Stockholm \u00e4r en skola f\u00f6r dig med ambitioner, viljan att studera och med siktet inst\u00e4llt p\u00e5 universitetet och h\u00f6gskola.","breadcrumb":{"@id":"https:\/\/ntigymnasiet.se\/vetenskapsgymnasiet\/stockholm\/var-skola\/#breadcrumb"},"inLanguage":"sv-SE","potentialAction":[{"@type":"ReadAction","target":["https:\/\/ntigymnasiet.se\/vetenskapsgymnasiet\/stockholm\/var-skola\/"]}]},{"@type":"BreadcrumbList","@id":"https:\/\/ntigymnasiet.se\/vetenskapsgymnasiet\/stockholm\/var-skola\/#breadcrumb","itemListElement":[{"@type":"ListItem","position":1,"name":"Start","item":"https:\/\/ntigymnasiet.se\/vetenskapsgymnasiet\/stockholm\/"},{"@type":"ListItem","position":2,"name":"V\u00e5r skola"}]},{"@type":"WebSite","@id":"https:\/\/ntigymnasiet.se\/vetenskapsgymnasiet\/stockholm\/#website","url":"https:\/\/ntigymnasiet.se\/vetenskapsgymnasiet\/stockholm\/","name":"Stockholm","description":"Just another WordPress site","potentialAction":[{"@type":"SearchAction","target":{"@type":"EntryPoint","urlTemplate":"https:\/\/ntigymnasiet.se\/vetenskapsgymnasiet\/stockholm\/?s={search_term_string}"},"query-input":"required name=search_term_string"}],"inLanguage":"sv-SE"}]}},"_links":{"self":[{"href":"https:\/\/ntigymnasiet.se\/vetenskapsgymnasiet\/stockholm\/wp-json\/wp\/v2\/pages\/191"}],"collection":[{"href":"https:\/\/ntigymnasiet.se\/vetenskapsgymnasiet\/stockholm\/wp-json\/wp\/v2\/pages"}],"about":[{"href":"https:\/\/ntigymnasiet.se\/vetenskapsgymnasiet\/stockholm\/wp-json\/wp\/v2\/types\/page"}],"author":[{"embeddable":true,"href":"https:\/\/ntigymnasiet.se\/vetenskapsgymnasiet\/stockholm\/wp-json\/wp\/v2\/users\/4"}],"replies":[{"embeddable":true,"href":"https:\/\/ntigymnasiet.se\/vetenskapsgymnasiet\/stockholm\/wp-json\/wp\/v2\/comments?post=191"}],"version-history":[{"count":10,"href":"https:\/\/ntigymnasiet.se\/vetenskapsgymnasiet\/stockholm\/wp-json\/wp\/v2\/pages\/191\/revisions"}],"predecessor-version":[{"id":1857,"href":"https:\/\/ntigymnasiet.se\/vetenskapsgymnasiet\/stockholm\/wp-json\/wp\/v2\/pages\/191\/revisions\/1857"}],"wp:attachment":[{"href":"https:\/\/ntigymnasiet.se\/vetenskapsgymnasiet\/stockholm\/wp-json\/wp\/v2\/media?parent=191"}],"curies":[{"name":"wp","href":"https:\/\/api.w.org\/{rel}","templated":true}]}}